{"id":110449,"date":"2025-05-29T11:54:42","date_gmt":"2025-05-29T09:54:42","guid":{"rendered":"https:\/\/abinox-chr-clim.com\/index.php\/product\/couteau-doffice-wusthof-classic-229mm\/"},"modified":"2026-04-14T11:20:55","modified_gmt":"2026-04-14T09:20:55","slug":"couteau-doffice-wusthof-classic-229mm","status":"publish","type":"product","link":"https:\/\/abinox-chr-clim.com\/index.php\/product\/couteau-doffice-wusthof-classic-229mm\/","title":{"rendered":"Couteau d&rsquo;office Wusthof Classic 229mm"},"content":{"rendered":"<p>Pour \u00e9mincer les \u00e9chalotes, les oignons et les herbes ; nettoyer et couper les l\u00e9gumes.<\/p>\n<p>\u2022 Le plus polyvalent de tous les \u00e9plucheurs : pour hacher des \u00e9chalotes, des oignons et des herbes ainsi que pour nettoyer et couper des l\u00e9gumes<br \/>\u2022 Poign\u00e9e pleine soie triple rivet\u00e9e<br \/>\u2022 Bien \u00e9quilibr\u00e9<br \/>\u2022 Qualit\u00e9 &#8211; fabriqu\u00e9 en Allemagne Solingen<\/p>\n<p><b><u>Caract\u00e9ristiques du produit :<\/u><\/b><br \/>\u2022 Dim. : 229(L) mm<br \/>\u2022 Mati\u00e8re : Acier \u00e0 haute teneur en carbone<br \/>\u2022 Poids : 71 g.<\/p>\n","protected":false},"excerpt":{"rendered":"<p>Longueur de la lame : 11,4cm. Poids : 71 g<\/p>\n","protected":false},"featured_media":108692,"comment_status":"open","ping_status":"closed","template":"","meta":[],"product_brand":[],"product_cat":[1023,1031,1297],"product_tag":[],"class_list":{"0":"post-110449","1":"product","2":"type-product","3":"status-publish","4":"has-post-thumbnail","6":"product_cat-art-de-la-table","7":"product_cat-couverts","8":"product_cat-non-palettisable","9":"product_shipping_class-free-shipping","11":"first","12":"instock","13":"featured","14":"taxable","15":"shipping-taxable","16":"purchasable","17":"product-type-simple"},"_links":{"self":[{"href":"https:\/\/abinox-chr-clim.com\/index.php\/wp-json\/wp\/v2\/product\/110449","targetHints":{"allow":["GET"]}}],"collection":[{"href":"https:\/\/abinox-chr-clim.com\/index.php\/wp-json\/wp\/v2\/product"}],"about":[{"href":"https:\/\/abinox-chr-clim.com\/index.php\/wp-json\/wp\/v2\/types\/product"}],"replies":[{"embeddable":true,"href":"https:\/\/abinox-chr-clim.com\/index.php\/wp-json\/wp\/v2\/comments?post=110449"}],"wp:featuredmedia":[{"embeddable":true,"href":"https:\/\/abinox-chr-clim.com\/index.php\/wp-json\/wp\/v2\/media\/108692"}],"wp:attachment":[{"href":"https:\/\/abinox-chr-clim.com\/index.php\/wp-json\/wp\/v2\/media?parent=110449"}],"wp:term":[{"taxonomy":"product_brand","embeddable":true,"href":"https:\/\/abinox-chr-clim.com\/index.php\/wp-json\/wp\/v2\/product_brand?post=110449"},{"taxonomy":"product_cat","embeddable":true,"href":"https:\/\/abinox-chr-clim.com\/index.php\/wp-json\/wp\/v2\/product_cat?post=110449"},{"taxonomy":"product_tag","embeddable":true,"href":"https:\/\/abinox-chr-clim.com\/index.php\/wp-json\/wp\/v2\/product_tag?post=110449"}],"curies":[{"name":"wp","href":"https:\/\/api.w.org\/{rel}","templated":true}]}}