{"id":110447,"date":"2025-05-29T11:54:38","date_gmt":"2025-05-29T09:54:38","guid":{"rendered":"https:\/\/abinox-chr-clim.com\/index.php\/product\/couteau-utilitaire-dentele-wusthof-classic-249mm\/"},"modified":"2026-04-14T11:20:53","modified_gmt":"2026-04-14T09:20:53","slug":"couteau-utilitaire-dentele-wusthof-classic-249mm","status":"publish","type":"product","link":"https:\/\/abinox-chr-clim.com\/index.php\/product\/couteau-utilitaire-dentele-wusthof-classic-249mm\/","title":{"rendered":"Couteau utilitaire dentel\u00e9 Wusthof Classic 249mm"},"content":{"rendered":"<p>Id\u00e9al pour trancher les petits pains et les bagels. Coupe le salami dur et les tomates m\u00fbres.<\/p>\n<p>\u2022 Le choix pour trancher les petits pains et les bagels, s\u00fbrement un favori pour le salami dur et m\u00eame la tomate la plus m\u00fbre<br \/>\u2022 Avec bord dentel\u00e9<br \/>\u2022 Bien \u00e9quilibr\u00e9<br \/>\u2022 Qualit\u00e9 &#8211; fabriqu\u00e9 en Allemagne Solingen<\/p>\n<p><b><u>Caract\u00e9ristiques du produit :<\/u><\/b><br \/>\u2022 Dim. : 249(L) mm<br \/>\u2022 Mati\u00e8re : Acier \u00e0 haute teneur en carbone<br \/>\u2022 Poids : 80 g.<\/p>\n","protected":false},"excerpt":{"rendered":"<p>Longueur de la lame : 12,7 cm. Poids : 80g<\/p>\n","protected":false},"featured_media":108691,"comment_status":"open","ping_status":"closed","template":"","meta":[],"product_brand":[],"product_cat":[1023,1031,1297],"product_tag":[],"class_list":{"0":"post-110447","1":"product","2":"type-product","3":"status-publish","4":"has-post-thumbnail","6":"product_cat-art-de-la-table","7":"product_cat-couverts","8":"product_cat-non-palettisable","9":"product_shipping_class-free-shipping","11":"first","12":"instock","13":"featured","14":"taxable","15":"shipping-taxable","16":"purchasable","17":"product-type-simple"},"_links":{"self":[{"href":"https:\/\/abinox-chr-clim.com\/index.php\/wp-json\/wp\/v2\/product\/110447","targetHints":{"allow":["GET"]}}],"collection":[{"href":"https:\/\/abinox-chr-clim.com\/index.php\/wp-json\/wp\/v2\/product"}],"about":[{"href":"https:\/\/abinox-chr-clim.com\/index.php\/wp-json\/wp\/v2\/types\/product"}],"replies":[{"embeddable":true,"href":"https:\/\/abinox-chr-clim.com\/index.php\/wp-json\/wp\/v2\/comments?post=110447"}],"wp:featuredmedia":[{"embeddable":true,"href":"https:\/\/abinox-chr-clim.com\/index.php\/wp-json\/wp\/v2\/media\/108691"}],"wp:attachment":[{"href":"https:\/\/abinox-chr-clim.com\/index.php\/wp-json\/wp\/v2\/media?parent=110447"}],"wp:term":[{"taxonomy":"product_brand","embeddable":true,"href":"https:\/\/abinox-chr-clim.com\/index.php\/wp-json\/wp\/v2\/product_brand?post=110447"},{"taxonomy":"product_cat","embeddable":true,"href":"https:\/\/abinox-chr-clim.com\/index.php\/wp-json\/wp\/v2\/product_cat?post=110447"},{"taxonomy":"product_tag","embeddable":true,"href":"https:\/\/abinox-chr-clim.com\/index.php\/wp-json\/wp\/v2\/product_tag?post=110447"}],"curies":[{"name":"wp","href":"https:\/\/api.w.org\/{rel}","templated":true}]}}