{"id":110444,"date":"2025-05-29T11:54:31","date_gmt":"2025-05-29T09:54:31","guid":{"rendered":"https:\/\/abinox-chr-clim.com\/index.php\/product\/couteau-a-desosser-wusthof-classic-269mm\/"},"modified":"2026-04-14T11:20:50","modified_gmt":"2026-04-14T09:20:50","slug":"couteau-a-desosser-wusthof-classic-269mm","status":"publish","type":"product","link":"https:\/\/abinox-chr-clim.com\/index.php\/product\/couteau-a-desosser-wusthof-classic-269mm\/","title":{"rendered":"Couteau \u00e0 d\u00e9sosser Wusthof Classic 269mm"},"content":{"rendered":"<p>La lame effil\u00e9e et pointue est indispensable pour travailler autour des articulations. Elle est id\u00e9ale pour d\u00e9sosser le poulet ou le jambon et couper la graisse et les tendons.<\/p>\n<p>\u2022 D\u00e9sosse le poulet ou le jambon, coupe le gras et les tendons<br \/>\u2022 La lame effil\u00e9e et pointue est indispensable pour travailler avec pr\u00e9cision autour des articulations.<br \/>\u2022 Bien \u00e9quilibr\u00e9<br \/>\u2022 Qualit\u00e9 &#8211; fabriqu\u00e9 en Allemagne Solingen<\/p>\n<p><b><u>Caract\u00e9ristiques du produit :<\/u><\/b><br \/>\u2022 Dim. : 269(L) mm<br \/>\u2022 Mati\u00e8re : Acier \u00e0 haute teneur en carbone<br \/>\u2022 Poids : 99 g.<\/p>\n","protected":false},"excerpt":{"rendered":"<p>Longueur de la lame : 14cm. Poids : 99 g<\/p>\n","protected":false},"featured_media":108690,"comment_status":"open","ping_status":"closed","template":"","meta":[],"product_brand":[],"product_cat":[1023,1031,1297],"product_tag":[],"class_list":{"0":"post-110444","1":"product","2":"type-product","3":"status-publish","4":"has-post-thumbnail","6":"product_cat-art-de-la-table","7":"product_cat-couverts","8":"product_cat-non-palettisable","9":"product_shipping_class-free-shipping","11":"first","12":"outofstock","13":"featured","14":"taxable","15":"shipping-taxable","16":"purchasable","17":"product-type-simple"},"_links":{"self":[{"href":"https:\/\/abinox-chr-clim.com\/index.php\/wp-json\/wp\/v2\/product\/110444","targetHints":{"allow":["GET"]}}],"collection":[{"href":"https:\/\/abinox-chr-clim.com\/index.php\/wp-json\/wp\/v2\/product"}],"about":[{"href":"https:\/\/abinox-chr-clim.com\/index.php\/wp-json\/wp\/v2\/types\/product"}],"replies":[{"embeddable":true,"href":"https:\/\/abinox-chr-clim.com\/index.php\/wp-json\/wp\/v2\/comments?post=110444"}],"wp:featuredmedia":[{"embeddable":true,"href":"https:\/\/abinox-chr-clim.com\/index.php\/wp-json\/wp\/v2\/media\/108690"}],"wp:attachment":[{"href":"https:\/\/abinox-chr-clim.com\/index.php\/wp-json\/wp\/v2\/media?parent=110444"}],"wp:term":[{"taxonomy":"product_brand","embeddable":true,"href":"https:\/\/abinox-chr-clim.com\/index.php\/wp-json\/wp\/v2\/product_brand?post=110444"},{"taxonomy":"product_cat","embeddable":true,"href":"https:\/\/abinox-chr-clim.com\/index.php\/wp-json\/wp\/v2\/product_cat?post=110444"},{"taxonomy":"product_tag","embeddable":true,"href":"https:\/\/abinox-chr-clim.com\/index.php\/wp-json\/wp\/v2\/product_tag?post=110444"}],"curies":[{"name":"wp","href":"https:\/\/api.w.org\/{rel}","templated":true}]}}