{"id":110438,"date":"2025-05-29T11:54:20","date_gmt":"2025-05-29T09:54:20","guid":{"rendered":"https:\/\/abinox-chr-clim.com\/index.php\/product\/couteau-a-desosser-wusthof-gourmet-271mm\/"},"modified":"2026-04-14T11:20:46","modified_gmt":"2026-04-14T09:20:46","slug":"couteau-a-desosser-wusthof-gourmet-271mm","status":"publish","type":"product","link":"https:\/\/abinox-chr-clim.com\/index.php\/product\/couteau-a-desosser-wusthof-gourmet-271mm\/","title":{"rendered":"Couteau \u00e0 d\u00e9sosser Wusthof Gourmet 271mm"},"content":{"rendered":"<p>Les lames des couteaux Gourmet sont d\u00e9coup\u00e9es \u00e0 partir de plaques en acier inoxydable avec une pr\u00e9cision laser puis trait\u00e9es en 35 \u00e9tapes de fabrication. Gr\u00e2ce \u00e0 leur faible poids et \u00e0 leur ergonomie unique, ils sont tr\u00e8s confortables \u00e0 tenir, parfaitement \u00e9quilibr\u00e9s et permettent une coupe \u00e0 la fois robuste et facile pour les mains et les poignets. Les poign\u00e9es, fabriqu\u00e9es en plastique noir sp\u00e9cial, sont triple rivet\u00e9es, compatibles avec le lave-vaisselle et donc exceptionnellement hygi\u00e9niques. Un large assortiment vous offre des couteaux pour tous les usages.<\/p>\n<p>\u2022 D\u00e9sosser le poulet ou le jambon, couper le gras et les tendons<br \/>\u2022 La lame effil\u00e9e et pointue est indispensable pour travailler autour des articulations.<br \/>\u2022 Poign\u00e9e pleine soie triple rivet\u00e9e<br \/>\u2022 Bien \u00e9quilibr\u00e9<br \/>\u2022 Qualit\u00e9 &#8211; fabriqu\u00e9 en Allemagne Solingen<\/p>\n<p><b><u>Caract\u00e9ristiques du produit :<\/u><\/b><br \/>\u2022 Dim. : 271(L) mm<br \/>\u2022 Mati\u00e8re : Acier \u00e0 haute teneur en carbone<br \/>\u2022 Poids : 90 g.<\/p>\n","protected":false},"excerpt":{"rendered":"<p>Longueur de la lame : 14 cm. Poids : 90 g<\/p>\n","protected":false},"featured_media":108686,"comment_status":"open","ping_status":"closed","template":"","meta":[],"product_brand":[],"product_cat":[1023,1031,1297],"product_tag":[],"class_list":{"0":"post-110438","1":"product","2":"type-product","3":"status-publish","4":"has-post-thumbnail","6":"product_cat-art-de-la-table","7":"product_cat-couverts","8":"product_cat-non-palettisable","9":"product_shipping_class-free-shipping","11":"first","12":"instock","13":"featured","14":"taxable","15":"shipping-taxable","16":"purchasable","17":"product-type-simple"},"_links":{"self":[{"href":"https:\/\/abinox-chr-clim.com\/index.php\/wp-json\/wp\/v2\/product\/110438","targetHints":{"allow":["GET"]}}],"collection":[{"href":"https:\/\/abinox-chr-clim.com\/index.php\/wp-json\/wp\/v2\/product"}],"about":[{"href":"https:\/\/abinox-chr-clim.com\/index.php\/wp-json\/wp\/v2\/types\/product"}],"replies":[{"embeddable":true,"href":"https:\/\/abinox-chr-clim.com\/index.php\/wp-json\/wp\/v2\/comments?post=110438"}],"wp:featuredmedia":[{"embeddable":true,"href":"https:\/\/abinox-chr-clim.com\/index.php\/wp-json\/wp\/v2\/media\/108686"}],"wp:attachment":[{"href":"https:\/\/abinox-chr-clim.com\/index.php\/wp-json\/wp\/v2\/media?parent=110438"}],"wp:term":[{"taxonomy":"product_brand","embeddable":true,"href":"https:\/\/abinox-chr-clim.com\/index.php\/wp-json\/wp\/v2\/product_brand?post=110438"},{"taxonomy":"product_cat","embeddable":true,"href":"https:\/\/abinox-chr-clim.com\/index.php\/wp-json\/wp\/v2\/product_cat?post=110438"},{"taxonomy":"product_tag","embeddable":true,"href":"https:\/\/abinox-chr-clim.com\/index.php\/wp-json\/wp\/v2\/product_tag?post=110438"}],"curies":[{"name":"wp","href":"https:\/\/api.w.org\/{rel}","templated":true}]}}