{"id":110434,"date":"2025-05-29T11:54:10","date_gmt":"2025-05-29T09:54:10","guid":{"rendered":"https:\/\/abinox-chr-clim.com\/index.php\/product\/couteau-bec-doiseau-wusthof-gourmet-162mm\/"},"modified":"2026-04-14T10:56:03","modified_gmt":"2026-04-14T08:56:03","slug":"couteau-bec-doiseau-wusthof-gourmet-162mm","status":"publish","type":"product","link":"https:\/\/abinox-chr-clim.com\/index.php\/product\/couteau-bec-doiseau-wusthof-gourmet-162mm\/","title":{"rendered":"Couteau bec d&rsquo;oiseau Wusthof Gourmet 162mm"},"content":{"rendered":"<p>Les lames des couteaux Gourmet sont d\u00e9coup\u00e9es dans des plaques en acier inoxydable avec un laser de pr\u00e9cision et ensuite trait\u00e9es en 35 \u00e9tapes de fabrication. Gr\u00e2ce \u00e0 leur faible poids et leur ergonomie unique, ils sont tr\u00e8s confortables \u00e0 tenir, extr\u00eamement bien \u00e9quilibr\u00e9s et permettent une coupe \u00e0 la fois robuste et douce pour les mains et les poignets. Les manches, fabriqu\u00e9s en plastique noir sp\u00e9cial, sont triple-rivet\u00e9s, lavables au lave-vaisselle et donc exceptionnellement hygi\u00e9niques. Un large assortiment vous offre des couteaux pour tous les usages.<\/p>\n<p>\u2022 Ce petit couteau pratique, avec sa lame courte et courb\u00e9e en forme de sabre, est particuli\u00e8rement adapt\u00e9 pour \u00e9plucher et nettoyer les l\u00e9gumes et fruits ronds.<br \/>\u2022 Gr\u00e2ce \u00e0 la forme sp\u00e9ciale de la lame, les pommes de terre et les pommes peuvent \u00eatre \u00e9pluch\u00e9es rapidement et facilement. Les pr\u00e9cieuses vitamines directement sous la peau sont ainsi conserv\u00e9es<br \/>\u2022 Le tranchant lisse du couteau \u00e0 \u00e9plucher permet des coupes tr\u00e8s pr\u00e9cises et en fait donc l&rsquo;outil id\u00e9al pour \u00e9vider et couper les fruits et l\u00e9gumes de mani\u00e8re d\u00e9corative<br \/>\u2022 Tr\u00e8s confortable \u00e0 utiliser<br \/>\u2022 Qualit\u00e9 &#8211; fabriqu\u00e9 en Allemagne Solingen<\/p>\n<p><b><u>Caract\u00e9ristiques du produit :<\/u><\/b><br \/>\u2022 Dim. : 162(L) mm<br \/>\u2022 Mati\u00e8re : Acier \u00e0 haute teneur en carbone<br \/>\u2022 Poids : 32 g.<\/p>\n","protected":false},"excerpt":{"rendered":"<p>Longueur de la lame : 6,3cm. Poids : 32 g<\/p>\n","protected":false},"featured_media":108685,"comment_status":"open","ping_status":"closed","template":"","meta":[],"product_brand":[],"product_cat":[1023,1031,1297],"product_tag":[],"class_list":{"0":"post-110434","1":"product","2":"type-product","3":"status-publish","4":"has-post-thumbnail","6":"product_cat-art-de-la-table","7":"product_cat-couverts","8":"product_cat-non-palettisable","9":"product_shipping_class-free-shipping","11":"first","12":"outofstock","13":"featured","14":"taxable","15":"shipping-taxable","16":"purchasable","17":"product-type-simple"},"_links":{"self":[{"href":"https:\/\/abinox-chr-clim.com\/index.php\/wp-json\/wp\/v2\/product\/110434","targetHints":{"allow":["GET"]}}],"collection":[{"href":"https:\/\/abinox-chr-clim.com\/index.php\/wp-json\/wp\/v2\/product"}],"about":[{"href":"https:\/\/abinox-chr-clim.com\/index.php\/wp-json\/wp\/v2\/types\/product"}],"replies":[{"embeddable":true,"href":"https:\/\/abinox-chr-clim.com\/index.php\/wp-json\/wp\/v2\/comments?post=110434"}],"wp:featuredmedia":[{"embeddable":true,"href":"https:\/\/abinox-chr-clim.com\/index.php\/wp-json\/wp\/v2\/media\/108685"}],"wp:attachment":[{"href":"https:\/\/abinox-chr-clim.com\/index.php\/wp-json\/wp\/v2\/media?parent=110434"}],"wp:term":[{"taxonomy":"product_brand","embeddable":true,"href":"https:\/\/abinox-chr-clim.com\/index.php\/wp-json\/wp\/v2\/product_brand?post=110434"},{"taxonomy":"product_cat","embeddable":true,"href":"https:\/\/abinox-chr-clim.com\/index.php\/wp-json\/wp\/v2\/product_cat?post=110434"},{"taxonomy":"product_tag","embeddable":true,"href":"https:\/\/abinox-chr-clim.com\/index.php\/wp-json\/wp\/v2\/product_tag?post=110434"}],"curies":[{"name":"wp","href":"https:\/\/api.w.org\/{rel}","templated":true}]}}