{"id":110364,"date":"2025-05-29T11:51:44","date_gmt":"2025-05-29T09:51:44","guid":{"rendered":"https:\/\/abinox-chr-clim.com\/index.php\/product\/conteneur-de-transport-isotherme-cambro-epp-gobox-avec-sangle-gn-1-2\/"},"modified":"2026-04-24T11:01:49","modified_gmt":"2026-04-24T09:01:49","slug":"conteneur-de-transport-isotherme-cambro-epp-gobox-avec-sangle-gn-1-2","status":"publish","type":"product","link":"https:\/\/abinox-chr-clim.com\/index.php\/product\/conteneur-de-transport-isotherme-cambro-epp-gobox-avec-sangle-gn-1-2\/","title":{"rendered":"Conteneur de transport isotherme Cambro EPP GoBox avec sangle GN 1\/2"},"content":{"rendered":"<p>Conteneur de transport alimentaire l\u00e9ger et isotherme en polypropyl\u00e8ne expans\u00e9 \u00e0 chargement frontal. Maintient les pizzas croustillantes et \u00e0 temp\u00e9rature.<\/p>\n<p>\u2022 Maintient les temp\u00e9ratures chaudes ou froides pendant plus de 4 heures<br \/>\u2022 Con\u00e7u pour les livraisons mobiles de repas chauds et froids<br \/>\u2022 Sans danger pour le contact alimentaire<br \/>\u2022 Grande solidit\u00e9 structurelle avec r\u00e9sistance aux chocs<br \/>\u2022 L\u00e9ger avec sangle r\u00e9glable pour un transport d&rsquo;une seule main<br \/>\u2022 Empilable pour un rangement facile<br \/>\u2022 Zone d&rsquo;\u00e9tiquette int\u00e9gr\u00e9e pour les balises de menu<\/p>\n<p><b><u>Caract\u00e9ristiques du produit :<\/u><\/b><br \/>\u2022 Dim. : 316(H) x 330(L) mm<br \/>\u2022 Mati\u00e8re : Polypropyl\u00e8ne<br \/>\u2022 Poids : 800 g.<\/p>\n","protected":false},"excerpt":{"rendered":"<p>Mat\u00e9riau : PPE. GN 1\/2<\/p>\n","protected":false},"featured_media":106749,"comment_status":"open","ping_status":"closed","template":"","meta":[],"product_brand":[],"product_cat":[1280,1064,1296,1074],"product_tag":[],"class_list":{"0":"post-110364","1":"product","2":"type-product","3":"status-publish","4":"has-post-thumbnail","6":"product_cat-conteneurs-alimentaires-et-bacs-gastronorme-cuisine","7":"product_cat-cuisine","8":"product_cat-palettisable","9":"product_cat-thermobox-et-sacs","10":"product_shipping_class-free-shipping","12":"first","13":"outofstock","14":"featured","15":"taxable","16":"shipping-taxable","17":"purchasable","18":"product-type-simple"},"_links":{"self":[{"href":"https:\/\/abinox-chr-clim.com\/index.php\/wp-json\/wp\/v2\/product\/110364","targetHints":{"allow":["GET"]}}],"collection":[{"href":"https:\/\/abinox-chr-clim.com\/index.php\/wp-json\/wp\/v2\/product"}],"about":[{"href":"https:\/\/abinox-chr-clim.com\/index.php\/wp-json\/wp\/v2\/types\/product"}],"replies":[{"embeddable":true,"href":"https:\/\/abinox-chr-clim.com\/index.php\/wp-json\/wp\/v2\/comments?post=110364"}],"wp:featuredmedia":[{"embeddable":true,"href":"https:\/\/abinox-chr-clim.com\/index.php\/wp-json\/wp\/v2\/media\/106749"}],"wp:attachment":[{"href":"https:\/\/abinox-chr-clim.com\/index.php\/wp-json\/wp\/v2\/media?parent=110364"}],"wp:term":[{"taxonomy":"product_brand","embeddable":true,"href":"https:\/\/abinox-chr-clim.com\/index.php\/wp-json\/wp\/v2\/product_brand?post=110364"},{"taxonomy":"product_cat","embeddable":true,"href":"https:\/\/abinox-chr-clim.com\/index.php\/wp-json\/wp\/v2\/product_cat?post=110364"},{"taxonomy":"product_tag","embeddable":true,"href":"https:\/\/abinox-chr-clim.com\/index.php\/wp-json\/wp\/v2\/product_tag?post=110364"}],"curies":[{"name":"wp","href":"https:\/\/api.w.org\/{rel}","templated":true}]}}