{"id":110359,"date":"2025-05-29T11:51:36","date_gmt":"2025-05-29T09:51:36","guid":{"rendered":"https:\/\/abinox-chr-clim.com\/index.php\/product\/table-refrigeree-negative-3-portes-gn-1-1-avec-dosseret-true-tcf1-3\/"},"modified":"2026-04-14T11:05:27","modified_gmt":"2026-04-14T09:05:27","slug":"table-refrigeree-negative-3-portes-gn-1-1-avec-dosseret-true-tcf1-3","status":"publish","type":"product","link":"https:\/\/abinox-chr-clim.com\/index.php\/product\/table-refrigeree-negative-3-portes-gn-1-1-avec-dosseret-true-tcf1-3\/","title":{"rendered":"Table r\u00e9frig\u00e9ree n\u00e9gative 3 portes GN 1\/1 avec dosseret True TCF1\/3"},"content":{"rendered":"<p>Le cong\u00e9lateur \u00e0 trois portes GN True est une solution fantastique pour les cuisines qui ont besoin de garder des ingr\u00e9dients congel\u00e9s \u00e0 port\u00e9e de main. Con\u00e7u pour la fiabilit\u00e9 et la performance, le cong\u00e9lateur inclut une garantie impressionnante de cinq ans &#8211; un v\u00e9ritable t\u00e9moignage de l&rsquo;engagement de True envers l&rsquo;excellence de ses produits. \u00c0 l&rsquo;int\u00e9rieur, le cong\u00e9lateur offre une g\u00e9n\u00e9reuse capacit\u00e9 de stockage congel\u00e9 compatible gastronorm de 250 litres utilisables. Sur le dessus, le grand plan de travail de 1865mm de large offre beaucoup d&rsquo;espace pour loger de petits appareils, bien qu&rsquo;il soit \u00e9galement id\u00e9al comme espace de travail suppl\u00e9mentaire essentiel. Facile \u00e0 utiliser, \u00e0 nettoyer et \u00e0 entretenir.<\/p>\n<p>\u2022 Garantie compl\u00e8te de 5 ans sur les pi\u00e8ces et la main d&rsquo;\u0153uvre, leader du secteur<br \/>\u2022 Certifi\u00e9 classe climatique 5 pour un fonctionnement efficace m\u00eame dans des environnements de cuisine \u00e0 40\u00b0C.<br \/>\u2022 Efficacit\u00e9 \u00e9nerg\u00e9tique de pointe.<br \/>\u2022 100\u00a0% de respiration frontale pour une installation sans d\u00e9gagement.<br \/>\u2022 Syst\u00e8me de r\u00e9frig\u00e9ration \u00e0 hydrocarbures \u00e0 la pointe de la technologie, v\u00e9ritable \u00ab\u00a0HC\u00a0\u00bb pour la meilleure conservation des aliments.<br \/>\u2022 La v\u00e9ritable technologie RCU brevet\u00e9e inverse la direction du ventilateur du condenseur pendant les cycles d&rsquo;arr\u00eat, pour aider \u00e0 garder le serpentin du condenseur exempt de salet\u00e9, de poussi\u00e8re et de d\u00e9bris.<br \/>\u2022 Les cong\u00e9lateurs maintiennent des temp\u00e9ratures de conservation de -18 \u00b0C \u00e0 -23 \u00b0C.<br \/>\u2022 Standard avec serrures.<br \/>\u2022 Charni\u00e8re de porte r\u00e9versible.<br \/>\u2022 Poign\u00e9es m\u00e9talliques \u00e9l\u00e9gantes et robustes.<br \/>\u2022 Livr\u00e9 avec roulettes de 153 mm.<\/p>\n<p><b><u>Caract\u00e9ristiques du produit :<\/u><\/b><br \/>\u2022 Capacit\u00e9 : 435 L<br \/>\u2022 Dim. : 1000(H) x 1865(L) x 700(P) mm<br \/>\u2022 Isolation : 80 mm<br \/>\u2022 Dim. interne : 50(H) x 53(P) cm<br \/>\u2022 Mati\u00e8re : Inox et aluminium<br \/>\u2022 Puissance : 161 W<br \/>\u2022 Fr\u00e9on : R290 \/ GWP 3<br \/>\u2022 Temp\u00e9rature : -23 \u00b0C \u00e0 -18 \u00b0C<br \/>\u2022 Voltage : 230V<br \/>\u2022 Poids : 193 kg<br \/>\u2022 Classe \u00e9nerg\u00e9tique : 43.5<br \/>\u2022 Classe climatique : 5<br \/>\u2022 Temp\u00e9rature ambiante MAX : 40 \u00b0C<br \/>\u2022 Couleur : Argent.<\/p>\n","protected":false},"excerpt":{"rendered":"<p>Capacit\u00e9 totale utilisable : 250 litres. R290<\/p>\n","protected":false},"featured_media":108643,"comment_status":"open","ping_status":"closed","template":"","meta":[],"product_brand":[],"product_cat":[1249,1296,1255],"product_tag":[],"class_list":{"0":"post-110359","1":"product","2":"type-product","3":"status-publish","4":"has-post-thumbnail","6":"product_cat-froid","7":"product_cat-palettisable","8":"product_cat-tables-refrigerees","9":"product_shipping_class-free-shipping","11":"first","12":"outofstock","13":"featured","14":"taxable","15":"shipping-taxable","16":"purchasable","17":"product-type-simple"},"_links":{"self":[{"href":"https:\/\/abinox-chr-clim.com\/index.php\/wp-json\/wp\/v2\/product\/110359","targetHints":{"allow":["GET"]}}],"collection":[{"href":"https:\/\/abinox-chr-clim.com\/index.php\/wp-json\/wp\/v2\/product"}],"about":[{"href":"https:\/\/abinox-chr-clim.com\/index.php\/wp-json\/wp\/v2\/types\/product"}],"replies":[{"embeddable":true,"href":"https:\/\/abinox-chr-clim.com\/index.php\/wp-json\/wp\/v2\/comments?post=110359"}],"wp:featuredmedia":[{"embeddable":true,"href":"https:\/\/abinox-chr-clim.com\/index.php\/wp-json\/wp\/v2\/media\/108643"}],"wp:attachment":[{"href":"https:\/\/abinox-chr-clim.com\/index.php\/wp-json\/wp\/v2\/media?parent=110359"}],"wp:term":[{"taxonomy":"product_brand","embeddable":true,"href":"https:\/\/abinox-chr-clim.com\/index.php\/wp-json\/wp\/v2\/product_brand?post=110359"},{"taxonomy":"product_cat","embeddable":true,"href":"https:\/\/abinox-chr-clim.com\/index.php\/wp-json\/wp\/v2\/product_cat?post=110359"},{"taxonomy":"product_tag","embeddable":true,"href":"https:\/\/abinox-chr-clim.com\/index.php\/wp-json\/wp\/v2\/product_tag?post=110359"}],"curies":[{"name":"wp","href":"https:\/\/api.w.org\/{rel}","templated":true}]}}