{"id":110341,"date":"2025-05-29T11:51:05","date_gmt":"2025-05-29T09:51:05","guid":{"rendered":"https:\/\/abinox-chr-clim.com\/index.php\/product\/couvercle-en-polypropylene-gn-1-1-nisbets-essentials\/"},"modified":"2026-04-24T10:12:37","modified_gmt":"2026-04-24T08:12:37","slug":"couvercle-en-polypropylene-gn-1-1-nisbets-essentials","status":"publish","type":"product","link":"https:\/\/abinox-chr-clim.com\/index.php\/product\/couvercle-en-polypropylene-gn-1-1-nisbets-essentials\/","title":{"rendered":"Couvercle en polypropyl\u00e8ne GN 1\/1 Nisbets Essentials"},"content":{"rendered":"<p>Id\u00e9al pour la pr\u00e9paration et le stockage d&rsquo;aliments chauds ou froids. GN 1\/1 : 530 x 325mm.<\/p>\n<p>\u2022 Construction durable en polypropyl\u00e8ne<br \/>\u2022 Facile \u00e0 installer et \u00e0 retirer<br \/>\u2022 Conception facile \u00e0 nettoyer &#8211; convient aux lave-vaisselle<br \/>\u2022 Convient au r\u00e9frig\u00e9rateur et au cong\u00e9lateur &#8211; pour les chambres froides<br \/>\u2022 Permet d&#8217;empiler les bacs GN pour gagner de l&rsquo;espace<\/p>\n<p><b><u>Caract\u00e9ristiques du produit :<\/u><\/b><br \/>\u2022 Dim. : 530(L) mm<br \/>\u2022 Mati\u00e8re : Polypropyl\u00e8ne<br \/>\u2022 Temp\u00e9rature : -40\u00b0C \u00e0 +70\u00b0C<br \/>\u2022 Poids : 450 g<br \/>\u2022 Couleur : Transparent.<\/p>\n","protected":false},"excerpt":{"rendered":"<p>Mat\u00e9riau : Polypropyl\u00e8ne. GN 1\/1. 530(L) x 325(P) mm<\/p>\n","protected":false},"featured_media":108636,"comment_status":"open","ping_status":"closed","template":"","meta":[],"product_brand":[],"product_cat":[1281,1280,1064,1297],"product_tag":[],"class_list":{"0":"post-110341","1":"product","2":"type-product","3":"status-publish","4":"has-post-thumbnail","6":"product_cat-bacs-gn-conteneurs-alimentaires-et-bacs-gastronorme-cuisine","7":"product_cat-conteneurs-alimentaires-et-bacs-gastronorme-cuisine","8":"product_cat-cuisine","9":"product_cat-non-palettisable","10":"product_shipping_class-free-shipping","12":"first","13":"instock","14":"featured","15":"taxable","16":"shipping-taxable","17":"purchasable","18":"product-type-simple"},"_links":{"self":[{"href":"https:\/\/abinox-chr-clim.com\/index.php\/wp-json\/wp\/v2\/product\/110341","targetHints":{"allow":["GET"]}}],"collection":[{"href":"https:\/\/abinox-chr-clim.com\/index.php\/wp-json\/wp\/v2\/product"}],"about":[{"href":"https:\/\/abinox-chr-clim.com\/index.php\/wp-json\/wp\/v2\/types\/product"}],"replies":[{"embeddable":true,"href":"https:\/\/abinox-chr-clim.com\/index.php\/wp-json\/wp\/v2\/comments?post=110341"}],"wp:featuredmedia":[{"embeddable":true,"href":"https:\/\/abinox-chr-clim.com\/index.php\/wp-json\/wp\/v2\/media\/108636"}],"wp:attachment":[{"href":"https:\/\/abinox-chr-clim.com\/index.php\/wp-json\/wp\/v2\/media?parent=110341"}],"wp:term":[{"taxonomy":"product_brand","embeddable":true,"href":"https:\/\/abinox-chr-clim.com\/index.php\/wp-json\/wp\/v2\/product_brand?post=110341"},{"taxonomy":"product_cat","embeddable":true,"href":"https:\/\/abinox-chr-clim.com\/index.php\/wp-json\/wp\/v2\/product_cat?post=110341"},{"taxonomy":"product_tag","embeddable":true,"href":"https:\/\/abinox-chr-clim.com\/index.php\/wp-json\/wp\/v2\/product_tag?post=110341"}],"curies":[{"name":"wp","href":"https:\/\/api.w.org\/{rel}","templated":true}]}}