{"id":110120,"date":"2025-05-29T11:38:42","date_gmt":"2025-05-29T09:38:42","guid":{"rendered":"https:\/\/abinox-chr-clim.com\/index.php\/product\/rape-avec-reservoir-kitchenaid-noire\/"},"modified":"2026-04-15T10:54:19","modified_gmt":"2026-04-15T08:54:19","slug":"rape-avec-reservoir-kitchenaid-noire","status":"publish","type":"product","link":"https:\/\/abinox-chr-clim.com\/index.php\/product\/rape-avec-reservoir-kitchenaid-noire\/","title":{"rendered":"R\u00e2pe avec r\u00e9servoir KitchenAid noire"},"content":{"rendered":"<p>Cette r\u00e2pe \u00e0 bo\u00eete KitchenAid est dot\u00e9e de quatre lames &#8211; grossi\u00e8re, moyenne, fine et tranche &#8211; pour r\u00e2per rapidement du fromage, du chocolat, de la chapelure et d&rsquo;autres ingr\u00e9dients.Un r\u00e9cipient de rangement s&rsquo;ins\u00e8re \u00e0 la base de la r\u00e2pe pour recueillir les aliments r\u00e2p\u00e9s, ce qui aide \u00e0 r\u00e9duire le d\u00e9sordre et permet un rangement facile. Le r\u00e9cipient est gradu\u00e9 avec des capacit\u00e9s de &#189; tasse, 1 tasse, 1&#189; tasse et 2 tasses, ainsi que les \u00e9quivalents en millilitres. Passe au lave-vaisselle pour un nettoyage facile.<\/p>\n<p>\u2022 Dispose de 4 lames &#8211; grosse, moyenne, fine et tranchante<br \/>\u2022 Poign\u00e9e confortable pour r\u00e2per \u00e0 la verticale<br \/>\u2022 Le r\u00e9servoir de stockage s&rsquo;ins\u00e8re dans la r\u00e2pe pour contenir les aliments<br \/>\u2022 Le conteneur de stockage a une capacit\u00e9 de 473 ml<br \/>\u2022 \u00c0 utiliser pour le fromage, le chocolat ou la chapelure<\/p>\n<p><b><u>Caract\u00e9ristiques du produit :<\/u><\/b><br \/>\u2022 Couleur : Noir.<\/p>\n","protected":false},"excerpt":{"rendered":"<p>KQG300OSOBE. 473ml<\/p>\n","protected":false},"featured_media":106562,"comment_status":"open","ping_status":"closed","template":"","meta":[],"product_brand":[],"product_cat":[1277,1297],"product_tag":[],"class_list":{"0":"post-110120","1":"product","2":"type-product","3":"status-publish","4":"has-post-thumbnail","6":"product_cat-divers-principal","7":"product_cat-non-palettisable","8":"product_shipping_class-free-shipping","10":"first","11":"outofstock","12":"featured","13":"taxable","14":"shipping-taxable","15":"purchasable","16":"product-type-simple"},"_links":{"self":[{"href":"https:\/\/abinox-chr-clim.com\/index.php\/wp-json\/wp\/v2\/product\/110120","targetHints":{"allow":["GET"]}}],"collection":[{"href":"https:\/\/abinox-chr-clim.com\/index.php\/wp-json\/wp\/v2\/product"}],"about":[{"href":"https:\/\/abinox-chr-clim.com\/index.php\/wp-json\/wp\/v2\/types\/product"}],"replies":[{"embeddable":true,"href":"https:\/\/abinox-chr-clim.com\/index.php\/wp-json\/wp\/v2\/comments?post=110120"}],"wp:featuredmedia":[{"embeddable":true,"href":"https:\/\/abinox-chr-clim.com\/index.php\/wp-json\/wp\/v2\/media\/106562"}],"wp:attachment":[{"href":"https:\/\/abinox-chr-clim.com\/index.php\/wp-json\/wp\/v2\/media?parent=110120"}],"wp:term":[{"taxonomy":"product_brand","embeddable":true,"href":"https:\/\/abinox-chr-clim.com\/index.php\/wp-json\/wp\/v2\/product_brand?post=110120"},{"taxonomy":"product_cat","embeddable":true,"href":"https:\/\/abinox-chr-clim.com\/index.php\/wp-json\/wp\/v2\/product_cat?post=110120"},{"taxonomy":"product_tag","embeddable":true,"href":"https:\/\/abinox-chr-clim.com\/index.php\/wp-json\/wp\/v2\/product_tag?post=110120"}],"curies":[{"name":"wp","href":"https:\/\/api.w.org\/{rel}","templated":true}]}}