{"id":110088,"date":"2025-05-29T11:37:39","date_gmt":"2025-05-29T09:37:39","guid":{"rendered":"https:\/\/abinox-chr-clim.com\/index.php\/product\/presse-agrumes-duo-tristar-cp-3012\/"},"modified":"2026-04-02T10:12:30","modified_gmt":"2026-04-02T08:12:30","slug":"presse-agrumes-duo-tristar-cp-3012","status":"publish","type":"product","link":"https:\/\/abinox-chr-clim.com\/index.php\/product\/presse-agrumes-duo-tristar-cp-3012\/","title":{"rendered":"Presse-agrumes Duo Tristar CP-3012"},"content":{"rendered":"<p>Presse-agrumes facile \u00e0 utiliser avec 2 c\u00f4nes, adapt\u00e9 \u00e0 tous les types d&rsquo;agrumes. Avec rotation automatique \u00e0 gauche et \u00e0 droite pour un rendement en jus plus \u00e9lev\u00e9. Pichet amovible avec indicateur de niveau mais \u00e9galement adapt\u00e9 avec bec verseur. Rapide et facile \u00e0 d\u00e9monter pour le nettoyage.<\/p>\n<p>\u2022 Facile \u00e0 nettoyer car toutes les pi\u00e8ces vont au lave-vaisselle<br \/>\u2022 C\u00f4ne de pressage tournant \u00e0 gauche et \u00e0 droite pour tirer le meilleur parti du fruit<br \/>\u2022 Deux c\u00f4nes de pressage diff\u00e9rents pour diff\u00e9rents types de fruits<br \/>\u2022 Presse-agrumes pratique d&rsquo;une capacit\u00e9 de 1,4 litre et pichet verseur amovible<\/p>\n<p><b><u>Caract\u00e9ristiques du produit :<\/u><\/b><br \/>\u2022 Capacit\u00e9 : 1,4 L<br \/>\u2022 Dim. : 200(H) x 143(L) x 270(P) mm<br \/>\u2022 Mati\u00e8re : Plastique<br \/>\u2022 Poids : 900 g.<\/p>\n","protected":false},"excerpt":{"rendered":"<p>Presse-agrumes pratique d&rsquo;une capacit\u00e9 de 1,4 litre et pichet verseur amovible<\/p>\n","protected":false},"featured_media":108530,"comment_status":"open","ping_status":"closed","template":"","meta":[],"product_brand":[],"product_cat":[1284,1160,1297,1179,1187],"product_tag":[],"class_list":{"0":"post-110088","1":"product","2":"type-product","3":"status-publish","4":"has-post-thumbnail","6":"product_cat-centrifugeuses-preparation-des-aliments","7":"product_cat-materiel-electrique-et-de-cuisson","8":"product_cat-non-palettisable","9":"product_cat-petit-materiel","10":"product_cat-preparation-des-aliments","11":"product_shipping_class-free-shipping","13":"first","14":"instock","15":"featured","16":"taxable","17":"shipping-taxable","18":"purchasable","19":"product-type-simple"},"_links":{"self":[{"href":"https:\/\/abinox-chr-clim.com\/index.php\/wp-json\/wp\/v2\/product\/110088","targetHints":{"allow":["GET"]}}],"collection":[{"href":"https:\/\/abinox-chr-clim.com\/index.php\/wp-json\/wp\/v2\/product"}],"about":[{"href":"https:\/\/abinox-chr-clim.com\/index.php\/wp-json\/wp\/v2\/types\/product"}],"replies":[{"embeddable":true,"href":"https:\/\/abinox-chr-clim.com\/index.php\/wp-json\/wp\/v2\/comments?post=110088"}],"wp:featuredmedia":[{"embeddable":true,"href":"https:\/\/abinox-chr-clim.com\/index.php\/wp-json\/wp\/v2\/media\/108530"}],"wp:attachment":[{"href":"https:\/\/abinox-chr-clim.com\/index.php\/wp-json\/wp\/v2\/media?parent=110088"}],"wp:term":[{"taxonomy":"product_brand","embeddable":true,"href":"https:\/\/abinox-chr-clim.com\/index.php\/wp-json\/wp\/v2\/product_brand?post=110088"},{"taxonomy":"product_cat","embeddable":true,"href":"https:\/\/abinox-chr-clim.com\/index.php\/wp-json\/wp\/v2\/product_cat?post=110088"},{"taxonomy":"product_tag","embeddable":true,"href":"https:\/\/abinox-chr-clim.com\/index.php\/wp-json\/wp\/v2\/product_tag?post=110088"}],"curies":[{"name":"wp","href":"https:\/\/api.w.org\/{rel}","templated":true}]}}