{"id":109897,"date":"2025-05-29T11:31:24","date_gmt":"2025-05-29T09:31:24","guid":{"rendered":"https:\/\/abinox-chr-clim.com\/index.php\/product\/plateau-de-table-exterieur-rond-en-verre-trempe-bolero-effet-granit-fonce-bord-blanc-580mm\/"},"modified":"2026-04-14T10:53:52","modified_gmt":"2026-04-14T08:53:52","slug":"plateau-de-table-exterieur-rond-en-verre-trempe-bolero-effet-granit-fonce-bord-blanc-580mm","status":"publish","type":"product","link":"https:\/\/abinox-chr-clim.com\/index.php\/product\/plateau-de-table-exterieur-rond-en-verre-trempe-bolero-effet-granit-fonce-bord-blanc-580mm\/","title":{"rendered":"Plateau de table ext\u00e9rieur rond en verre tremp\u00e9 Bolero effet granit fonc\u00e9 bord blanc 580mm"},"content":{"rendered":"<p>Ces plateaux de table en verre tremp\u00e9 conf\u00e8rent un aspect \u00e9l\u00e9gant et contemporain. Surfaces r\u00e9sistantes aux taches, aux rayures et aux UV. Bord blanc ou gris.<\/p>\n<p>\u2022 Pr\u00e9-perc\u00e9 pour s&rsquo;adapter aux pieds de table Bolero<br \/>\u2022 La construction de 38 mm d&rsquo;\u00e9paisseur offre r\u00e9sistance et durabilit\u00e9<br \/>\u2022 Surface facile \u00e0 nettoyer<br \/>\u2022 Le design \u00e9l\u00e9gant convient \u00e0 toutes les salles de restauation ou espaces ext\u00e9rieurs<br \/>\u2022 Bord blanc autour du plateau de table<br \/>\u2022 Convient aux assiettes jusqu&rsquo;\u00e0 180 degr\u00e9s<br \/>\u2022 R\u00e9sistant aux taches et aux rayures<br \/>\u2022 Convient pour une utilisation int\u00e9rieure et ext\u00e9rieure<\/p>\n<p><b><u>Caract\u00e9ristiques du produit :<\/u><\/b><br \/>\u2022 Dim. : 38(P) mm<br \/>\u2022 Mati\u00e8re : Aluminium et verre<br \/>\u2022 Poids : 4,6 kg<br \/>\u2022 Couleur : Gris.<\/p>\n","protected":false},"excerpt":{"rendered":"<p>Couleur : Granit fonc\u00e9. Dimensions\u00a0: 38(H) x 580(\u00d8)mm<\/p>\n","protected":false},"featured_media":106633,"comment_status":"open","ping_status":"closed","template":"","meta":[],"product_brand":[],"product_cat":[1208,1201,1297,1211],"product_tag":[],"class_list":{"0":"post-109897","1":"product","2":"type-product","3":"status-publish","4":"has-post-thumbnail","6":"product_cat-interieur","7":"product_cat-mobilier","8":"product_cat-non-palettisable","9":"product_cat-plateaux-et-pieds-de-table-interieur","10":"product_shipping_class-free-shipping","12":"first","13":"instock","14":"featured","15":"taxable","16":"shipping-taxable","17":"purchasable","18":"product-type-simple"},"_links":{"self":[{"href":"https:\/\/abinox-chr-clim.com\/index.php\/wp-json\/wp\/v2\/product\/109897","targetHints":{"allow":["GET"]}}],"collection":[{"href":"https:\/\/abinox-chr-clim.com\/index.php\/wp-json\/wp\/v2\/product"}],"about":[{"href":"https:\/\/abinox-chr-clim.com\/index.php\/wp-json\/wp\/v2\/types\/product"}],"replies":[{"embeddable":true,"href":"https:\/\/abinox-chr-clim.com\/index.php\/wp-json\/wp\/v2\/comments?post=109897"}],"wp:featuredmedia":[{"embeddable":true,"href":"https:\/\/abinox-chr-clim.com\/index.php\/wp-json\/wp\/v2\/media\/106633"}],"wp:attachment":[{"href":"https:\/\/abinox-chr-clim.com\/index.php\/wp-json\/wp\/v2\/media?parent=109897"}],"wp:term":[{"taxonomy":"product_brand","embeddable":true,"href":"https:\/\/abinox-chr-clim.com\/index.php\/wp-json\/wp\/v2\/product_brand?post=109897"},{"taxonomy":"product_cat","embeddable":true,"href":"https:\/\/abinox-chr-clim.com\/index.php\/wp-json\/wp\/v2\/product_cat?post=109897"},{"taxonomy":"product_tag","embeddable":true,"href":"https:\/\/abinox-chr-clim.com\/index.php\/wp-json\/wp\/v2\/product_tag?post=109897"}],"curies":[{"name":"wp","href":"https:\/\/api.w.org\/{rel}","templated":true}]}}