{"id":109781,"date":"2025-05-29T11:13:48","date_gmt":"2025-05-29T09:13:48","guid":{"rendered":"https:\/\/abinox-chr-clim.com\/index.php\/product\/minuteur-magnetique-nisbets-essentials\/"},"modified":"2026-04-02T09:45:04","modified_gmt":"2026-04-02T07:45:04","slug":"minuteur-magnetique-nisbets-essentials","status":"publish","type":"product","link":"https:\/\/abinox-chr-clim.com\/index.php\/product\/minuteur-magnetique-nisbets-essentials\/","title":{"rendered":"Minuteur magn\u00e9tique Nisbets Essentials"},"content":{"rendered":"<p>Minuteur pratique avec affichage digital, alarme sonore, dos aimant\u00e9 et socle d\u00e9pliant pour le poser sur un plan de travail. Fonctionne avec 1 pile AAA (fournie).<\/p>\n<p>\u2022 Support pliable pour une utilisation sur n&rsquo;importe quel plan de travail, o\u00f9 que vous le souhaitiez<br \/>\u2022 L&rsquo;aimant arri\u00e8re permet de fixer le minuteur sur les appareils \u00e9lectrom\u00e9nagers<br \/>\u2022 Le grand \u00e9cran num\u00e9rique est facile \u00e0 lire en un coup d&rsquo;\u0153il lorsque vous \u00eates occup\u00e9<br \/>\u2022 L&rsquo;alarme sonore vous permet de contr\u00f4ler les temps de cuisson \u00e0 distance &#8211; niveau sonore 65-70 Db<br \/>\u2022 Fonctionne avec 1 pile AAA (fournie)<\/p>\n<p><b><u>Caract\u00e9ristiques du produit :<\/u><\/b><br \/>\u2022 Dim. : 70(H) x 70(L) x 25(P) mm<br \/>\u2022 Mati\u00e8re : Plastique<br \/>\u2022 Poids : 5 g<br \/>\u2022 Couleur : Blanc.<\/p>\n","protected":false},"excerpt":{"rendered":"<p>Dimensions (mm): 70(H) x 70(L) x 25(P). Socle d\u00e9pliant. Pile fournie.<\/p>\n","protected":false},"featured_media":106099,"comment_status":"open","ping_status":"closed","template":"","meta":[],"product_brand":[],"product_cat":[1064,1297,1103,1098],"product_tag":[],"class_list":{"0":"post-109781","1":"product","2":"type-product","3":"status-publish","4":"has-post-thumbnail","6":"product_cat-cuisine","7":"product_cat-non-palettisable","8":"product_cat-thermometres","9":"product_cat-ustensiles-cuisine","10":"product_shipping_class-free-shipping","12":"first","13":"instock","14":"featured","15":"taxable","16":"shipping-taxable","17":"purchasable","18":"product-type-simple"},"_links":{"self":[{"href":"https:\/\/abinox-chr-clim.com\/index.php\/wp-json\/wp\/v2\/product\/109781","targetHints":{"allow":["GET"]}}],"collection":[{"href":"https:\/\/abinox-chr-clim.com\/index.php\/wp-json\/wp\/v2\/product"}],"about":[{"href":"https:\/\/abinox-chr-clim.com\/index.php\/wp-json\/wp\/v2\/types\/product"}],"replies":[{"embeddable":true,"href":"https:\/\/abinox-chr-clim.com\/index.php\/wp-json\/wp\/v2\/comments?post=109781"}],"wp:featuredmedia":[{"embeddable":true,"href":"https:\/\/abinox-chr-clim.com\/index.php\/wp-json\/wp\/v2\/media\/106099"}],"wp:attachment":[{"href":"https:\/\/abinox-chr-clim.com\/index.php\/wp-json\/wp\/v2\/media?parent=109781"}],"wp:term":[{"taxonomy":"product_brand","embeddable":true,"href":"https:\/\/abinox-chr-clim.com\/index.php\/wp-json\/wp\/v2\/product_brand?post=109781"},{"taxonomy":"product_cat","embeddable":true,"href":"https:\/\/abinox-chr-clim.com\/index.php\/wp-json\/wp\/v2\/product_cat?post=109781"},{"taxonomy":"product_tag","embeddable":true,"href":"https:\/\/abinox-chr-clim.com\/index.php\/wp-json\/wp\/v2\/product_tag?post=109781"}],"curies":[{"name":"wp","href":"https:\/\/api.w.org\/{rel}","templated":true}]}}