{"id":109765,"date":"2025-05-29T11:13:17","date_gmt":"2025-05-29T09:13:17","guid":{"rendered":"https:\/\/abinox-chr-clim.com\/index.php\/product\/machine-a-glacons-nisbets-essential-20-kg\/"},"modified":"2026-04-14T11:41:07","modified_gmt":"2026-04-14T09:41:07","slug":"machine-a-glacons-nisbets-essential-20-kg","status":"publish","type":"product","link":"https:\/\/abinox-chr-clim.com\/index.php\/product\/machine-a-glacons-nisbets-essential-20-kg\/","title":{"rendered":"Machine \u00e0 gla\u00e7ons Nisbets Essential 20\u00a0kg"},"content":{"rendered":"<p>Cette machine \u00e0 gla\u00e7ons de comptoir compacte de grande qualit\u00e9 est facile \u00e0 utiliser, \u00e0 nettoyer et \u00e0 entretenir. Parfaite pour la production de glace \u00e0 petite \u00e9chelle ou pour les zones o\u00f9 un raccordement \u00e0 l&rsquo;eau n&rsquo;est pas facilement disponible.<\/p>\n<p>\u2022 Produit jusqu&rsquo;\u00e0 20\u00a0kg de gla\u00e7ons toutes les 24\u00a0heures<br \/>\u2022 Bac de stockage de glace de 2\u00a0litres<br \/>\u2022 Bac \u00e0 glace de 0,7 kg<br \/>\u2022 R\u00e9f\u00e9rence soumise \u00e0 une Eco-participation de 1.32\u20ac par unit\u00e9 vendue applicable en France uniquement\u00a0<br \/>\u2022 Le couvercle am\u00e9liore l&rsquo;efficacit\u00e9 et l&rsquo;hygi\u00e8ne<br \/>\u2022 Fonction d&rsquo;auto nettoyage<br \/>\u2022 2\u00a0tailles de gla\u00e7ons (petits ou grands)<br \/>\u2022 Remplissage manuel &#8211; aucun raccordement \u00e0 l&rsquo;eau ou vidange n\u00e9cessaires<br \/>\u2022 Voyants de bac \u00e0 glace plein et de niveau d&rsquo;eau bas<br \/>\u2022 Fourni avec une pelle \u00e0 glace contact alimentaire<br \/>\u2022 R\u00e9serve d&rsquo;eau de 2 litres<\/p>\n<p><b><u>Caract\u00e9ristiques du produit :<\/u><\/b><br \/>\u2022 Dim. : 327(H) x 270(L) x 365(P) mm<br \/>\u2022 Fr\u00e9on : R600a<br \/>\u2022 Voltage : 220-240V<br \/>\u2022 Poids : 10,6 kg<br \/>\u2022 Temp\u00e9rature ambiante MAX : 32 \u00b0C.<\/p>\n","protected":false},"excerpt":{"rendered":"<p>Gla\u00e7ons ronds. Remplissage manuel. R600a<\/p>\n","protected":false},"featured_media":108411,"comment_status":"open","ping_status":"closed","template":"","meta":[],"product_brand":[],"product_cat":[1249,1253,1296],"product_tag":[],"class_list":{"0":"post-109765","1":"product","2":"type-product","3":"status-publish","4":"has-post-thumbnail","6":"product_cat-froid","7":"product_cat-machines-a-glacons-froid","8":"product_cat-palettisable","9":"product_shipping_class-free-shipping","11":"first","12":"instock","13":"featured","14":"taxable","15":"shipping-taxable","16":"purchasable","17":"product-type-simple"},"_links":{"self":[{"href":"https:\/\/abinox-chr-clim.com\/index.php\/wp-json\/wp\/v2\/product\/109765","targetHints":{"allow":["GET"]}}],"collection":[{"href":"https:\/\/abinox-chr-clim.com\/index.php\/wp-json\/wp\/v2\/product"}],"about":[{"href":"https:\/\/abinox-chr-clim.com\/index.php\/wp-json\/wp\/v2\/types\/product"}],"replies":[{"embeddable":true,"href":"https:\/\/abinox-chr-clim.com\/index.php\/wp-json\/wp\/v2\/comments?post=109765"}],"wp:featuredmedia":[{"embeddable":true,"href":"https:\/\/abinox-chr-clim.com\/index.php\/wp-json\/wp\/v2\/media\/108411"}],"wp:attachment":[{"href":"https:\/\/abinox-chr-clim.com\/index.php\/wp-json\/wp\/v2\/media?parent=109765"}],"wp:term":[{"taxonomy":"product_brand","embeddable":true,"href":"https:\/\/abinox-chr-clim.com\/index.php\/wp-json\/wp\/v2\/product_brand?post=109765"},{"taxonomy":"product_cat","embeddable":true,"href":"https:\/\/abinox-chr-clim.com\/index.php\/wp-json\/wp\/v2\/product_cat?post=109765"},{"taxonomy":"product_tag","embeddable":true,"href":"https:\/\/abinox-chr-clim.com\/index.php\/wp-json\/wp\/v2\/product_tag?post=109765"}],"curies":[{"name":"wp","href":"https:\/\/api.w.org\/{rel}","templated":true}]}}