{"id":109762,"date":"2025-05-29T11:13:11","date_gmt":"2025-05-29T09:13:11","guid":{"rendered":"https:\/\/abinox-chr-clim.com\/index.php\/product\/fourchette-a-gateau-comas-classic-lacasa-143mm\/"},"modified":"2026-02-18T09:40:34","modified_gmt":"2026-02-18T08:40:34","slug":"fourchette-a-gateau-comas-classic-lacasa-143mm","status":"publish","type":"product","link":"https:\/\/abinox-chr-clim.com\/index.php\/product\/fourchette-a-gateau-comas-classic-lacasa-143mm\/","title":{"rendered":"Fourchette \u00e0 g\u00e2teau Comas Classic Lacasa 143mm"},"content":{"rendered":"<p>En acier inoxydable poli 18\/0, un design classique et \u00e9l\u00e9gant. Compl\u00e9ment de la gamme de couverts Bilbao. Vendus par douze. Epaisseur 1,5mm<\/p>\n<p>\u2022 Acier inoxydable 18\/0<br \/>\u2022 Design classique<br \/>\u2022 Epaisseur 1,5mm<\/p>\n<p><b><u>Caract\u00e9ristiques du produit :<\/u><\/b><br \/>\u2022 Lot : 12.0<br \/>\u2022 Dim. : 140(L) mm<br \/>\u2022 Mati\u00e8re : Inox 18\/0.<\/p>\n","protected":false},"excerpt":{"rendered":"<p>Dimension : 143mm | Quantit\u00e9 : 12<\/p>\n","protected":false},"featured_media":107495,"comment_status":"open","ping_status":"closed","template":"","meta":[],"product_brand":[],"product_cat":[1023,1031,1297],"product_tag":[],"class_list":{"0":"post-109762","1":"product","2":"type-product","3":"status-publish","4":"has-post-thumbnail","6":"product_cat-art-de-la-table","7":"product_cat-couverts","8":"product_cat-non-palettisable","9":"product_shipping_class-free-shipping","11":"first","12":"outofstock","13":"featured","14":"taxable","15":"shipping-taxable","16":"purchasable","17":"product-type-simple"},"_links":{"self":[{"href":"https:\/\/abinox-chr-clim.com\/index.php\/wp-json\/wp\/v2\/product\/109762","targetHints":{"allow":["GET"]}}],"collection":[{"href":"https:\/\/abinox-chr-clim.com\/index.php\/wp-json\/wp\/v2\/product"}],"about":[{"href":"https:\/\/abinox-chr-clim.com\/index.php\/wp-json\/wp\/v2\/types\/product"}],"replies":[{"embeddable":true,"href":"https:\/\/abinox-chr-clim.com\/index.php\/wp-json\/wp\/v2\/comments?post=109762"}],"wp:featuredmedia":[{"embeddable":true,"href":"https:\/\/abinox-chr-clim.com\/index.php\/wp-json\/wp\/v2\/media\/107495"}],"wp:attachment":[{"href":"https:\/\/abinox-chr-clim.com\/index.php\/wp-json\/wp\/v2\/media?parent=109762"}],"wp:term":[{"taxonomy":"product_brand","embeddable":true,"href":"https:\/\/abinox-chr-clim.com\/index.php\/wp-json\/wp\/v2\/product_brand?post=109762"},{"taxonomy":"product_cat","embeddable":true,"href":"https:\/\/abinox-chr-clim.com\/index.php\/wp-json\/wp\/v2\/product_cat?post=109762"},{"taxonomy":"product_tag","embeddable":true,"href":"https:\/\/abinox-chr-clim.com\/index.php\/wp-json\/wp\/v2\/product_tag?post=109762"}],"curies":[{"name":"wp","href":"https:\/\/api.w.org\/{rel}","templated":true}]}}