{"id":109734,"date":"2025-05-29T11:12:15","date_gmt":"2025-05-29T09:12:15","guid":{"rendered":"https:\/\/abinox-chr-clim.com\/index.php\/product\/gril-de-contact-plaque-superieure-rainuree-nisbets-essentials\/"},"modified":"2026-04-13T07:30:47","modified_gmt":"2026-04-13T05:30:47","slug":"gril-de-contact-plaque-superieure-rainuree-nisbets-essentials","status":"publish","type":"product","link":"https:\/\/abinox-chr-clim.com\/index.php\/product\/gril-de-contact-plaque-superieure-rainuree-nisbets-essentials\/","title":{"rendered":"Gril de contact plaque sup\u00e9rieure rainur\u00e9e Nisbets Essentials"},"content":{"rendered":"<p>Plaques en fonte avec temps de chauffe et cuisson rapides. Bac de r\u00e9cup\u00e9ration amovible pour un nettoyage facile et poign\u00e9e anti chaleur pour une utilisation en toute s\u00e9curit\u00e9.<\/p>\n<p>\u2022 1,8 kW de puissance de cuisson<br \/>\u2022 Plaques de cuisson en fonte solide<br \/>\u2022 Bac de r\u00e9cup\u00e9ration amovible pour un nettoyage facile<br \/>\u2022 R\u00e9f\u00e9rence soumise \u00e0 une Eco-participation de 0.76\u20ac par unit\u00e9 vendue applicable en France uniquement\u00a0<br \/>\u2022 Interrupteur de r\u00e9initialisation thermique \u00e0 l&rsquo;arri\u00e8re<\/p>\n<p><b><u>Caract\u00e9ristiques du produit :<\/u><\/b><br \/>\u2022 Dim. : 360(H) x 310(L) x 360(P) mm<br \/>\u2022 Voltage : 230V<br \/>\u2022 Poids : 16 kg<br \/>\u2022 Couleur : Argent.<\/p>\n","protected":false},"excerpt":{"rendered":"<p>1,8kW. Plaque sup\u00e9rieure rainur\u00e9 et inf\u00e9rieure lisse<\/p>\n","protected":false},"featured_media":106709,"comment_status":"open","ping_status":"closed","template":"","meta":[],"product_brand":[],"product_cat":[1185,1160,1297,1179],"product_tag":[],"class_list":{"0":"post-109734","1":"product","2":"type-product","3":"status-publish","4":"has-post-thumbnail","6":"product_cat-grils-et-plaques-de-cuisson","7":"product_cat-materiel-electrique-et-de-cuisson","8":"product_cat-non-palettisable","9":"product_cat-petit-materiel","10":"product_shipping_class-free-shipping","12":"first","13":"instock","14":"featured","15":"taxable","16":"shipping-taxable","17":"purchasable","18":"product-type-simple"},"_links":{"self":[{"href":"https:\/\/abinox-chr-clim.com\/index.php\/wp-json\/wp\/v2\/product\/109734","targetHints":{"allow":["GET"]}}],"collection":[{"href":"https:\/\/abinox-chr-clim.com\/index.php\/wp-json\/wp\/v2\/product"}],"about":[{"href":"https:\/\/abinox-chr-clim.com\/index.php\/wp-json\/wp\/v2\/types\/product"}],"replies":[{"embeddable":true,"href":"https:\/\/abinox-chr-clim.com\/index.php\/wp-json\/wp\/v2\/comments?post=109734"}],"wp:featuredmedia":[{"embeddable":true,"href":"https:\/\/abinox-chr-clim.com\/index.php\/wp-json\/wp\/v2\/media\/106709"}],"wp:attachment":[{"href":"https:\/\/abinox-chr-clim.com\/index.php\/wp-json\/wp\/v2\/media?parent=109734"}],"wp:term":[{"taxonomy":"product_brand","embeddable":true,"href":"https:\/\/abinox-chr-clim.com\/index.php\/wp-json\/wp\/v2\/product_brand?post=109734"},{"taxonomy":"product_cat","embeddable":true,"href":"https:\/\/abinox-chr-clim.com\/index.php\/wp-json\/wp\/v2\/product_cat?post=109734"},{"taxonomy":"product_tag","embeddable":true,"href":"https:\/\/abinox-chr-clim.com\/index.php\/wp-json\/wp\/v2\/product_tag?post=109734"}],"curies":[{"name":"wp","href":"https:\/\/api.w.org\/{rel}","templated":true}]}}