{"id":109732,"date":"2025-05-29T11:12:10","date_gmt":"2025-05-29T09:12:10","guid":{"rendered":"https:\/\/abinox-chr-clim.com\/index.php\/product\/distributeurs-de-sauce-transparents-nisbets-essentials-340ml\/"},"modified":"2026-04-02T09:44:52","modified_gmt":"2026-04-02T07:44:52","slug":"distributeurs-de-sauce-transparents-nisbets-essentials-340ml","status":"publish","type":"product","link":"https:\/\/abinox-chr-clim.com\/index.php\/product\/distributeurs-de-sauce-transparents-nisbets-essentials-340ml\/","title":{"rendered":"Distributeurs de sauce transparents Nisbets Essentials 340ml"},"content":{"rendered":"<p>Poly\u00e9thyl\u00e8ne souple avec bouchon \u00e0 vis. 262(H) x 67(\u00d8) mm.<\/p>\n<p>\u2022 Bouchon \u00e0 vis et col large pour des recharges rapides et faciles<br \/>\u2022 La conception facile \u00e0 nettoyer permet de r\u00e9utiliser les bouteilles \u00e0 l&rsquo;infini<br \/>\u2022 Le plastique durable est pratiquement incassable pour une fiabilit\u00e9 \u00e0 long terme<br \/>\u2022 Le mat\u00e9riau transparent vous permet de surveiller les niveaux de stock et d&rsquo;\u00e9viter d&rsquo;\u00eatre vide en plein service<br \/>\u2022 Super \u00e9troit pour une distribution rapide et facile \u00e0 contr\u00f4ler<br \/>\u2022 Le capuchon de la buse reli\u00e9 r\u00e9duit le risque de contamination lorsqu&rsquo;il n&rsquo;est pas utilis\u00e9<\/p>\n<p><b><u>Caract\u00e9ristiques du produit :<\/u><\/b><br \/>\u2022 Lot : 6.0<br \/>\u2022 Capacit\u00e9 : 34 cl<br \/>\u2022 Dim. : 262(H) x 67(\u00d8) mm<br \/>\u2022 Mati\u00e8re : Poly\u00e9thyl\u00e8ne<br \/>\u2022 Poids : 60 g<br \/>\u2022 Couleur : Transparent.<\/p>\n","protected":false},"excerpt":{"rendered":"<p>Capacit\u00e9: 340ml. Mat\u00e9riel: poly\u00e9thyl\u00e8ne. Lot de 6<\/p>\n","protected":false},"featured_media":105829,"comment_status":"open","ping_status":"closed","template":"","meta":[],"product_brand":[],"product_cat":[1064,1297,1098,1104],"product_tag":[],"class_list":{"0":"post-109732","1":"product","2":"type-product","3":"status-publish","4":"has-post-thumbnail","6":"product_cat-cuisine","7":"product_cat-non-palettisable","8":"product_cat-ustensiles-cuisine","9":"product_cat-ustensiles-de-cuisine","10":"product_shipping_class-free-shipping","12":"first","13":"instock","14":"featured","15":"taxable","16":"shipping-taxable","17":"purchasable","18":"product-type-simple"},"_links":{"self":[{"href":"https:\/\/abinox-chr-clim.com\/index.php\/wp-json\/wp\/v2\/product\/109732","targetHints":{"allow":["GET"]}}],"collection":[{"href":"https:\/\/abinox-chr-clim.com\/index.php\/wp-json\/wp\/v2\/product"}],"about":[{"href":"https:\/\/abinox-chr-clim.com\/index.php\/wp-json\/wp\/v2\/types\/product"}],"replies":[{"embeddable":true,"href":"https:\/\/abinox-chr-clim.com\/index.php\/wp-json\/wp\/v2\/comments?post=109732"}],"wp:featuredmedia":[{"embeddable":true,"href":"https:\/\/abinox-chr-clim.com\/index.php\/wp-json\/wp\/v2\/media\/105829"}],"wp:attachment":[{"href":"https:\/\/abinox-chr-clim.com\/index.php\/wp-json\/wp\/v2\/media?parent=109732"}],"wp:term":[{"taxonomy":"product_brand","embeddable":true,"href":"https:\/\/abinox-chr-clim.com\/index.php\/wp-json\/wp\/v2\/product_brand?post=109732"},{"taxonomy":"product_cat","embeddable":true,"href":"https:\/\/abinox-chr-clim.com\/index.php\/wp-json\/wp\/v2\/product_cat?post=109732"},{"taxonomy":"product_tag","embeddable":true,"href":"https:\/\/abinox-chr-clim.com\/index.php\/wp-json\/wp\/v2\/product_tag?post=109732"}],"curies":[{"name":"wp","href":"https:\/\/api.w.org\/{rel}","templated":true}]}}