{"id":109690,"date":"2025-05-29T11:10:51","date_gmt":"2025-05-29T09:10:51","guid":{"rendered":"https:\/\/abinox-chr-clim.com\/index.php\/product\/verres-a-gin-sans-pied-bord-dore-hayworth-utopia-650-ml-lot-de-6\/"},"modified":"2026-04-02T10:31:05","modified_gmt":"2026-04-02T08:31:05","slug":"verres-a-gin-sans-pied-bord-dore-hayworth-utopia-650-ml-lot-de-6","status":"publish","type":"product","link":"https:\/\/abinox-chr-clim.com\/index.php\/product\/verres-a-gin-sans-pied-bord-dore-hayworth-utopia-650-ml-lot-de-6\/","title":{"rendered":"Verres \u00e0 gin sans pied bord dor\u00e9 Hayworth Utopia 650 ml (lot de 6)"},"content":{"rendered":"<p>La collection Hayworth est d&rsquo;un glamour \u00e0 couper le souffle et cette collection compl\u00e8te de Cocktails est le point culminant id\u00e9al au bar.<\/p>\n<p>\u2022 Verre fait main<br \/>\u2022 Les bols pr\u00e9sentent un effet optique pour ajouter de la texture et de l&rsquo;int\u00e9r\u00eat<br \/>\u2022 Parfait pour les bars \u00e0 cocktails et les restaurants.<\/p>\n<p><b><u>Caract\u00e9ristiques du produit :<\/u><\/b><br \/>\u2022 Lot : 6.0<br \/>\u2022 Capacit\u00e9 : 65 cl<br \/>\u2022 Dim. : 109(H) mm<br \/>\u2022 Mati\u00e8re : Verre<br \/>\u2022 Poids : 199,99 g.<\/p>\n","protected":false},"excerpt":{"rendered":"<p>Quantit\u00e9 par paquet\u00a0: 6<\/p>\n","protected":false},"featured_media":106090,"comment_status":"open","ping_status":"closed","template":"","meta":[],"product_brand":[],"product_cat":[1023,1058,1297,1051],"product_tag":[],"class_list":{"0":"post-109690","1":"product","2":"type-product","3":"status-publish","4":"has-post-thumbnail","6":"product_cat-art-de-la-table","7":"product_cat-divers-verrerie","8":"product_cat-non-palettisable","9":"product_cat-verrerie","10":"product_shipping_class-free-shipping","12":"first","13":"outofstock","14":"featured","15":"taxable","16":"shipping-taxable","17":"purchasable","18":"product-type-simple"},"_links":{"self":[{"href":"https:\/\/abinox-chr-clim.com\/index.php\/wp-json\/wp\/v2\/product\/109690","targetHints":{"allow":["GET"]}}],"collection":[{"href":"https:\/\/abinox-chr-clim.com\/index.php\/wp-json\/wp\/v2\/product"}],"about":[{"href":"https:\/\/abinox-chr-clim.com\/index.php\/wp-json\/wp\/v2\/types\/product"}],"replies":[{"embeddable":true,"href":"https:\/\/abinox-chr-clim.com\/index.php\/wp-json\/wp\/v2\/comments?post=109690"}],"wp:featuredmedia":[{"embeddable":true,"href":"https:\/\/abinox-chr-clim.com\/index.php\/wp-json\/wp\/v2\/media\/106090"}],"wp:attachment":[{"href":"https:\/\/abinox-chr-clim.com\/index.php\/wp-json\/wp\/v2\/media?parent=109690"}],"wp:term":[{"taxonomy":"product_brand","embeddable":true,"href":"https:\/\/abinox-chr-clim.com\/index.php\/wp-json\/wp\/v2\/product_brand?post=109690"},{"taxonomy":"product_cat","embeddable":true,"href":"https:\/\/abinox-chr-clim.com\/index.php\/wp-json\/wp\/v2\/product_cat?post=109690"},{"taxonomy":"product_tag","embeddable":true,"href":"https:\/\/abinox-chr-clim.com\/index.php\/wp-json\/wp\/v2\/product_tag?post=109690"}],"curies":[{"name":"wp","href":"https:\/\/api.w.org\/{rel}","templated":true}]}}