{"id":109688,"date":"2025-05-29T11:10:47","date_gmt":"2025-05-29T09:10:47","guid":{"rendered":"https:\/\/abinox-chr-clim.com\/index.php\/product\/flutes-a-champagne-hayworth-utopia-200-ml-lot-de-6\/"},"modified":"2026-04-02T10:31:03","modified_gmt":"2026-04-02T08:31:03","slug":"flutes-a-champagne-hayworth-utopia-200-ml-lot-de-6","status":"publish","type":"product","link":"https:\/\/abinox-chr-clim.com\/index.php\/product\/flutes-a-champagne-hayworth-utopia-200-ml-lot-de-6\/","title":{"rendered":"Fl\u00fbtes \u00e0 champagne Hayworth Utopia 200 ml (lot de 6)"},"content":{"rendered":"<p>La gamme populaire Hayworth est incroyablement glamour, l&rsquo;optique verticale rehausse cette collection de cocktails, donnant aux pi\u00e8ces une pr\u00e9sence \u00e9poustouflante. Pr\u00eat pour un gros plan \u00e0 n&rsquo;importe quel bar.<\/p>\n<p>\u2022 Une s\u00e9rie compl\u00e8te, parfaite pour une vari\u00e9t\u00e9 de cocktails<br \/>\u2022 Fait main<br \/>\u2022 Conception optique<\/p>\n<p><b><u>Caract\u00e9ristiques du produit :<\/u><\/b><br \/>\u2022 Lot : 6.0<br \/>\u2022 Capacit\u00e9 : 20 cl<br \/>\u2022 Dim. : 250(H) mm<br \/>\u2022 Mati\u00e8re : Verre<br \/>\u2022 Poids : 189,99 g.<\/p>\n","protected":false},"excerpt":{"rendered":"<p>Quantit\u00e9 par paquet\u00a0: 6<\/p>\n","protected":false},"featured_media":105637,"comment_status":"open","ping_status":"closed","template":"","meta":[],"product_brand":[],"product_cat":[1023,1054,1297,1051],"product_tag":[],"class_list":{"0":"post-109688","1":"product","2":"type-product","3":"status-publish","4":"has-post-thumbnail","6":"product_cat-art-de-la-table","7":"product_cat-champagne","8":"product_cat-non-palettisable","9":"product_cat-verrerie","10":"product_shipping_class-free-shipping","12":"first","13":"outofstock","14":"featured","15":"taxable","16":"shipping-taxable","17":"purchasable","18":"product-type-simple"},"_links":{"self":[{"href":"https:\/\/abinox-chr-clim.com\/index.php\/wp-json\/wp\/v2\/product\/109688","targetHints":{"allow":["GET"]}}],"collection":[{"href":"https:\/\/abinox-chr-clim.com\/index.php\/wp-json\/wp\/v2\/product"}],"about":[{"href":"https:\/\/abinox-chr-clim.com\/index.php\/wp-json\/wp\/v2\/types\/product"}],"replies":[{"embeddable":true,"href":"https:\/\/abinox-chr-clim.com\/index.php\/wp-json\/wp\/v2\/comments?post=109688"}],"wp:featuredmedia":[{"embeddable":true,"href":"https:\/\/abinox-chr-clim.com\/index.php\/wp-json\/wp\/v2\/media\/105637"}],"wp:attachment":[{"href":"https:\/\/abinox-chr-clim.com\/index.php\/wp-json\/wp\/v2\/media?parent=109688"}],"wp:term":[{"taxonomy":"product_brand","embeddable":true,"href":"https:\/\/abinox-chr-clim.com\/index.php\/wp-json\/wp\/v2\/product_brand?post=109688"},{"taxonomy":"product_cat","embeddable":true,"href":"https:\/\/abinox-chr-clim.com\/index.php\/wp-json\/wp\/v2\/product_cat?post=109688"},{"taxonomy":"product_tag","embeddable":true,"href":"https:\/\/abinox-chr-clim.com\/index.php\/wp-json\/wp\/v2\/product_tag?post=109688"}],"curies":[{"name":"wp","href":"https:\/\/api.w.org\/{rel}","templated":true}]}}