{"id":109601,"date":"2025-05-29T11:08:01","date_gmt":"2025-05-29T09:08:01","guid":{"rendered":"https:\/\/abinox-chr-clim.com\/index.php\/product\/comptoir-de-preparation-1-porte-true-12-bacs-gn-1-6-tssu-27-12m-c-hc-flid\/"},"modified":"2026-04-14T10:56:47","modified_gmt":"2026-04-14T08:56:47","slug":"comptoir-de-preparation-1-porte-true-12-bacs-gn-1-6-tssu-27-12m-c-hc-flid","status":"publish","type":"product","link":"https:\/\/abinox-chr-clim.com\/index.php\/product\/comptoir-de-preparation-1-porte-true-12-bacs-gn-1-6-tssu-27-12m-c-hc-flid\/","title":{"rendered":"Comptoir de pr\u00e9paration 1 porte True 12 bacs GN 1\/6 TSSU-27-12M-C-HC FLID"},"content":{"rendered":"<p>Les \u00e9quipements TRUE fonctionnent avec un syst\u00e8me de r\u00e9frig\u00e9ration tropicalis\u00e9, sur-dimensionnn\u00e9 \u00e0 air forc\u00e9. Technologiquement, ils int\u00e8grent les meilleurs mat\u00e9riaux et composants, garantissent une temp\u00e9rature parfaitement contr\u00f4l\u00e9e et une parfaite s\u00e9curit\u00e9 alimentaire avec des co\u00fbts d&rsquo;exploitation tr\u00e8s faibles. Isolation en mousse Ecomate\u00ae, polyur\u00e9thane \u00e0 haute densit\u00e9 garantissant de tr\u00e8s hautes performances d&rsquo;isolation, sans CFC. Livr\u00e9s avec roulettes. Attention, produit ni repris  ni \u00e9chang\u00e9.<\/p>\n<p>\u2022 V\u00e9ritable syst\u00e8me d&rsquo;hydrocarbures \u00ab\u00a0HC\u00a0\u00bb de pointe pour une conservation optimale des aliments<br \/>\u2022 Garantie compl\u00e8te de 5 ans sur les pi\u00e8ces et la main d&rsquo;\u0153uvre.<br \/>\u2022 Les syst\u00e8mes de circulation d&rsquo;air brevet\u00e9s maintiennent une temp\u00e9rature constante et uniforme de 0,5 \u00b0C \u00e0 5 \u00b0C dans TOUTES les casseroles, garantissant que les ingr\u00e9dients de haute qualit\u00e9 restent frais et peuvent \u00eatre consomm\u00e9s en toute s\u00e9curit\u00e9 plus longtemps.<br \/>\u2022 Compatible avec des tailles de plateaux GN suppl\u00e9mentaires (vendues s\u00e9par\u00e9ment)<br \/>\u2022 Commandes num\u00e9riques pour une pr\u00e9cision de temp\u00e9rature de pointe<br \/>\u2022 Roulettes de 158 mm pour un positionnement facile<br \/>\u2022 Glissi\u00e8res et rouleaux de tiroir robustes et durables<br \/>\u2022 Conception \u00e0 respiration frontale, ne n\u00e9cessitant aucun d\u00e9gagement sur les c\u00f4t\u00e9s de l&rsquo;unit\u00e9<br \/>\u2022 Le moteur du ventilateur invers\u00e9 r\u00e9duit l&rsquo;accumulation de d\u00e9bris sur le condenseur<br \/>\u2022 Planche \u00e0 d\u00e9couper amovible et r\u00e9versible sur toute la longueur<\/p>\n<p><b><u>Caract\u00e9ristiques du produit :<\/u><\/b><br \/>\u2022 Dim. : 961(H) x 702(L) x 867(P) mm<br \/>\u2022 Mati\u00e8re : Inox et aluminium<br \/>\u2022 Fr\u00e9on : R290 \/ GWP 3<br \/>\u2022 Temp\u00e9rature : 0,5 \u00b0C \u00e0 5 \u00b0C<br \/>\u2022 Voltage : 220-240V<br \/>\u2022 Poids : 92 kg<br \/>\u2022 Couleur : Argent.<\/p>\n","protected":false},"excerpt":{"rendered":"<p>368W. Largeur : 702 mm. 12 bacs GN 1\/6 sur le dessus. Couvercle plat<\/p>\n","protected":false},"featured_media":106700,"comment_status":"open","ping_status":"closed","template":"","meta":[],"product_brand":[],"product_cat":[1249,1296,1255],"product_tag":[],"class_list":{"0":"post-109601","1":"product","2":"type-product","3":"status-publish","4":"has-post-thumbnail","6":"product_cat-froid","7":"product_cat-palettisable","8":"product_cat-tables-refrigerees","9":"product_shipping_class-free-shipping","11":"first","12":"outofstock","13":"featured","14":"taxable","15":"shipping-taxable","16":"purchasable","17":"product-type-simple"},"_links":{"self":[{"href":"https:\/\/abinox-chr-clim.com\/index.php\/wp-json\/wp\/v2\/product\/109601","targetHints":{"allow":["GET"]}}],"collection":[{"href":"https:\/\/abinox-chr-clim.com\/index.php\/wp-json\/wp\/v2\/product"}],"about":[{"href":"https:\/\/abinox-chr-clim.com\/index.php\/wp-json\/wp\/v2\/types\/product"}],"replies":[{"embeddable":true,"href":"https:\/\/abinox-chr-clim.com\/index.php\/wp-json\/wp\/v2\/comments?post=109601"}],"wp:featuredmedia":[{"embeddable":true,"href":"https:\/\/abinox-chr-clim.com\/index.php\/wp-json\/wp\/v2\/media\/106700"}],"wp:attachment":[{"href":"https:\/\/abinox-chr-clim.com\/index.php\/wp-json\/wp\/v2\/media?parent=109601"}],"wp:term":[{"taxonomy":"product_brand","embeddable":true,"href":"https:\/\/abinox-chr-clim.com\/index.php\/wp-json\/wp\/v2\/product_brand?post=109601"},{"taxonomy":"product_cat","embeddable":true,"href":"https:\/\/abinox-chr-clim.com\/index.php\/wp-json\/wp\/v2\/product_cat?post=109601"},{"taxonomy":"product_tag","embeddable":true,"href":"https:\/\/abinox-chr-clim.com\/index.php\/wp-json\/wp\/v2\/product_tag?post=109601"}],"curies":[{"name":"wp","href":"https:\/\/api.w.org\/{rel}","templated":true}]}}