{"id":109599,"date":"2025-05-29T11:07:57","date_gmt":"2025-05-29T09:07:57","guid":{"rendered":"https:\/\/abinox-chr-clim.com\/index.php\/product\/soubassement-refrigere-positif-deux-tiroirs-true-trcb-52-hc\/"},"modified":"2026-04-14T10:56:45","modified_gmt":"2026-04-14T08:56:45","slug":"soubassement-refrigere-positif-deux-tiroirs-true-trcb-52-hc","status":"publish","type":"product","link":"https:\/\/abinox-chr-clim.com\/index.php\/product\/soubassement-refrigere-positif-deux-tiroirs-true-trcb-52-hc\/","title":{"rendered":"Soubassement r\u00e9frig\u00e9r\u00e9 positif deux tiroirs True TRCB-52-HC"},"content":{"rendered":"<p>Le r\u00e9frig\u00e9rateur sous-\u00e9quipement True TRCB-52-HC est la solution parfaite pour \u00e9conomiser de l&rsquo;espace dans la cuisine tout en gardant de grandes quantit\u00e9s de nourriture facilement accessibles. Construit avec un dessus spacieux, le r\u00e9frig\u00e9rateur bas peut accueillir une vari\u00e9t\u00e9 d&rsquo;\u00e9quipements de cuisine tels que des fours, des grils ou des mixeurs, les amenant \u00e0 une hauteur de travail confortable tout en gardant vos ingr\u00e9dients les plus utilis\u00e9s \u00e0 port\u00e9e de main.\u00c0 l&rsquo;int\u00e9rieur, le r\u00e9frig\u00e9rateur offre une compatibilit\u00e9 avec les plateaux gastronorm, vous permettant de transf\u00e9rer rapidement les aliments entre les postes sans avoir \u00e0 changer de conteneurs. Le True TRCB-52-HC est \u00e9galement \u00e9quip\u00e9 d&rsquo;un syst\u00e8me de r\u00e9frig\u00e9ration puissant mais \u00e9conome en \u00e9nergie, avec un r\u00e9frig\u00e9rant hydrocarbon\u00e9 vert R290. Cela permet non seulement de r\u00e9duire les co\u00fbts de fonctionnement globaux, mais \u00e9galement de diminuer l&rsquo;impact environnemental total du r\u00e9frig\u00e9rateur tout au long de sa dur\u00e9e de vie.Il est facile \u00e0 utiliser et \u00e0 nettoyer aussi &#8211; avec une construction solide en acier inoxydable et des commandes \u00e9lectroniques simples, le True r\u00e9duit la charge globale de travail sur les utilisateurs, \u00e9conomisant temps et \u00e9nergie. Une solution de stockage alimentaire remarquablement fiable et efficace pour la cuisine professionnelle.<\/p>\n<p>\u2022 V\u00e9ritable syst\u00e8me d&rsquo;hydrocarbures \u00ab\u00a0HC\u00a0\u00bb de pointe pour une conservation optimale des aliments<br \/>\u2022 Garantie compl\u00e8te de 5 ans sur les pi\u00e8ces et la main d&rsquo;\u0153uvre.<br \/>\u2022 Les syst\u00e8mes de circulation d&rsquo;air brevet\u00e9s maintiennent une temp\u00e9rature constante et uniforme de 0,5 \u00b0C \u00e0 3,3 \u00b0C dans TOUTES les casseroles, garantissant ainsi que les ingr\u00e9dients de haute qualit\u00e9 restent frais et peuvent \u00eatre consomm\u00e9s en toute s\u00e9curit\u00e9 plus longtemps.<br \/>\u2022 Compatible avec des tailles de plateaux GN suppl\u00e9mentaires (vendues s\u00e9par\u00e9ment)<br \/>\u2022 Commandes num\u00e9riques pour une pr\u00e9cision de temp\u00e9rature de pointe<br \/>\u2022 Roulettes de 127 mm pour un positionnement facile<br \/>\u2022 Glissi\u00e8res et rouleaux de tiroir robustes et durables<br \/>\u2022 Grande vari\u00e9t\u00e9 d&rsquo;\u00e9quipements chauds pris en charge, y compris les fours et les grills<br \/>\u2022 Le moteur du ventilateur invers\u00e9 r\u00e9duit l&rsquo;accumulation de d\u00e9bris sur le condenseur<br \/>\u2022 Le bord en \u00ab\u00a0V\u00a0\u00bb r\u00e9sistant aux gouttes prot\u00e8ge contre les d\u00e9versements<\/p>\n<p><b><u>Caract\u00e9ristiques du produit :<\/u><\/b><br \/>\u2022 Dim. : 645(H) x 1318(L) x 816(P) mm<br \/>\u2022 Mati\u00e8re : Inox et aluminium<br \/>\u2022 Fr\u00e9on : R290 \/ GWP 3<br \/>\u2022 Temp\u00e9rature : 0,5 \u00b0C \u00e0 3,3 \u00b0C<br \/>\u2022 Voltage : 220-240V<br \/>\u2022 Poids : 127 kg<br \/>\u2022 Classe \u00e9nerg\u00e9tique : 47.2<br \/>\u2022 Classe climatique : 5<br \/>\u2022 Couleur : Argent.<\/p>\n","protected":false},"excerpt":{"rendered":"<p>253W. Largeur : 1318 mm. 2 tiroirs<\/p>\n","protected":false},"featured_media":106382,"comment_status":"open","ping_status":"closed","template":"","meta":[],"product_brand":[],"product_cat":[1249,1296,1255],"product_tag":[],"class_list":{"0":"post-109599","1":"product","2":"type-product","3":"status-publish","4":"has-post-thumbnail","6":"product_cat-froid","7":"product_cat-palettisable","8":"product_cat-tables-refrigerees","9":"product_shipping_class-free-shipping","11":"first","12":"outofstock","13":"featured","14":"taxable","15":"shipping-taxable","16":"purchasable","17":"product-type-simple"},"_links":{"self":[{"href":"https:\/\/abinox-chr-clim.com\/index.php\/wp-json\/wp\/v2\/product\/109599","targetHints":{"allow":["GET"]}}],"collection":[{"href":"https:\/\/abinox-chr-clim.com\/index.php\/wp-json\/wp\/v2\/product"}],"about":[{"href":"https:\/\/abinox-chr-clim.com\/index.php\/wp-json\/wp\/v2\/types\/product"}],"replies":[{"embeddable":true,"href":"https:\/\/abinox-chr-clim.com\/index.php\/wp-json\/wp\/v2\/comments?post=109599"}],"wp:featuredmedia":[{"embeddable":true,"href":"https:\/\/abinox-chr-clim.com\/index.php\/wp-json\/wp\/v2\/media\/106382"}],"wp:attachment":[{"href":"https:\/\/abinox-chr-clim.com\/index.php\/wp-json\/wp\/v2\/media?parent=109599"}],"wp:term":[{"taxonomy":"product_brand","embeddable":true,"href":"https:\/\/abinox-chr-clim.com\/index.php\/wp-json\/wp\/v2\/product_brand?post=109599"},{"taxonomy":"product_cat","embeddable":true,"href":"https:\/\/abinox-chr-clim.com\/index.php\/wp-json\/wp\/v2\/product_cat?post=109599"},{"taxonomy":"product_tag","embeddable":true,"href":"https:\/\/abinox-chr-clim.com\/index.php\/wp-json\/wp\/v2\/product_tag?post=109599"}],"curies":[{"name":"wp","href":"https:\/\/api.w.org\/{rel}","templated":true}]}}