{"id":109564,"date":"2025-05-29T11:06:51","date_gmt":"2025-05-29T09:06:51","guid":{"rendered":"https:\/\/abinox-chr-clim.com\/index.php\/product\/cuiseur-a-pates-buffalo-8l\/"},"modified":"2026-04-13T08:26:57","modified_gmt":"2026-04-13T06:26:57","slug":"cuiseur-a-pates-buffalo-8l","status":"publish","type":"product","link":"https:\/\/abinox-chr-clim.com\/index.php\/product\/cuiseur-a-pates-buffalo-8l\/","title":{"rendered":"Cuiseur \u00e0 p\u00e2tes Buffalo 8L"},"content":{"rendered":"<p>Cuiseur \u00e0 p\u00e2tes fiable et grande capacit\u00e9 avec minuterie num\u00e9rique et robinet de vidange frontal. R\u00e9servoir en acier inoxydable de grande capacit\u00e9 avec paniers, parfait pour la cuisson \u00e0 la commande.<\/p>\n<p>\u2022 R\u00e9servoir en acier inoxydable 304 de haute qualit\u00e9 et durable<br \/>\u2022 T\u00eate de r\u00e9sistance amovible avec interrupteur de s\u00e9curit\u00e9 &#8211; facile \u00e0 assembler et \u00e0 nettoyer<br \/>\u2022 4 paniers en maille en acier inoxydable &#8211; pour cuire des portions \u00e0 la commande<br \/>\u2022 Minuterie num\u00e9rique avec 4 r\u00e9glages de programmes pour une cuisson uniforme<br \/>\u2022 Contr\u00f4le pr\u00e9cis du thermostat 30-110\u00b0C<br \/>\u2022 Couvercle en acier inoxydable prot\u00e8ge l&rsquo;appareil lorsqu&rsquo;il n&rsquo;est pas utilis\u00e9<br \/>\u2022 Le dispositif de coupure thermique pr\u00e9vient la surchauffe et les dommages aux \u00e9l\u00e9ments<br \/>\u2022 Robinet de vidange avant<\/p>\n<p><b><u>Caract\u00e9ristiques du produit :<\/u><\/b><br \/>\u2022 Dim. : 300(H) x 280(L) x 450(P) mm<br \/>\u2022 Mati\u00e8re : Inox<br \/>\u2022 Temp\u00e9rature : 30 \u00b0C \u00e0 100 \u00b0C<br \/>\u2022 Voltage : 220-240V<br \/>\u2022 Poids : 10 kg<br \/>\u2022 Temp\u00e9rature ambiante MAX : 50 \u00b0C<br \/>\u2022 Couleur : Argent.<\/p>\n","protected":false},"excerpt":{"rendered":"<p>Capacit\u00e9: 8L<\/p>\n","protected":false},"featured_media":107468,"comment_status":"open","ping_status":"closed","template":"","meta":[],"product_brand":[],"product_cat":[1181,1160,1297,1179],"product_tag":[],"class_list":{"0":"post-109564","1":"product","2":"type-product","3":"status-publish","4":"has-post-thumbnail","6":"product_cat-cuiseurs-a-riz-et-pates","7":"product_cat-materiel-electrique-et-de-cuisson","8":"product_cat-non-palettisable","9":"product_cat-petit-materiel","10":"product_shipping_class-free-shipping","12":"first","13":"instock","14":"featured","15":"taxable","16":"shipping-taxable","17":"purchasable","18":"product-type-simple"},"_links":{"self":[{"href":"https:\/\/abinox-chr-clim.com\/index.php\/wp-json\/wp\/v2\/product\/109564","targetHints":{"allow":["GET"]}}],"collection":[{"href":"https:\/\/abinox-chr-clim.com\/index.php\/wp-json\/wp\/v2\/product"}],"about":[{"href":"https:\/\/abinox-chr-clim.com\/index.php\/wp-json\/wp\/v2\/types\/product"}],"replies":[{"embeddable":true,"href":"https:\/\/abinox-chr-clim.com\/index.php\/wp-json\/wp\/v2\/comments?post=109564"}],"wp:featuredmedia":[{"embeddable":true,"href":"https:\/\/abinox-chr-clim.com\/index.php\/wp-json\/wp\/v2\/media\/107468"}],"wp:attachment":[{"href":"https:\/\/abinox-chr-clim.com\/index.php\/wp-json\/wp\/v2\/media?parent=109564"}],"wp:term":[{"taxonomy":"product_brand","embeddable":true,"href":"https:\/\/abinox-chr-clim.com\/index.php\/wp-json\/wp\/v2\/product_brand?post=109564"},{"taxonomy":"product_cat","embeddable":true,"href":"https:\/\/abinox-chr-clim.com\/index.php\/wp-json\/wp\/v2\/product_cat?post=109564"},{"taxonomy":"product_tag","embeddable":true,"href":"https:\/\/abinox-chr-clim.com\/index.php\/wp-json\/wp\/v2\/product_tag?post=109564"}],"curies":[{"name":"wp","href":"https:\/\/api.w.org\/{rel}","templated":true}]}}