{"id":109563,"date":"2025-05-29T11:06:49","date_gmt":"2025-05-29T09:06:49","guid":{"rendered":"https:\/\/abinox-chr-clim.com\/index.php\/product\/toaster-convoyeur-deux-tranches-buffalo\/"},"modified":"2026-04-02T10:39:04","modified_gmt":"2026-04-02T08:39:04","slug":"toaster-convoyeur-deux-tranches-buffalo","status":"publish","type":"product","link":"https:\/\/abinox-chr-clim.com\/index.php\/product\/toaster-convoyeur-deux-tranches-buffalo\/","title":{"rendered":"Toaster convoyeur deux tranches Buffalo"},"content":{"rendered":"<p>Capacit\u00e9 de deux tranches avec r\u00e9glage de la vitesse et de la temp\u00e9rature. Construction durable en acier inoxydable avec pieds r\u00e9glables antid\u00e9rapants. Plage de temp\u00e9rature de 30\u00b0C \u00e0 270\u00b0C.<\/p>\n<p>\u2022 R\u00e9sistances sup\u00e9rieures et inf\u00e9rieures en m\u00e9tal durables et longue dur\u00e9e<br \/>\u2022 Construction en acier inoxydable facile \u00e0 nettoyer et gain de temps<br \/>\u2022 Tr\u00e9mie de passage et de retour &#8211; id\u00e9al pour le libre-service ou le service assist\u00e9<br \/>\u2022 Pieds r\u00e9glables antid\u00e9rapants &#8211; facile et s\u00fbr \u00e0 utiliser<br \/>\u2022 Bouclier facile \u00e0 installer pour \u00e9viter toute intervention hors personnel<br \/>\u2022 Contr\u00f4le de la vitesse variable &#8211; r\u00e9sultats pr\u00e9cis \u00e0 chaque fois<br \/>\u2022 3 r\u00e9glages : puissance maximale, r\u00e9sistance sup\u00e9rieure, \u00e9conomie d&rsquo;\u00e9nergie<br \/>\u2022 Sortie de pain grill\u00e9 avant ou arri\u00e8re &#8211; id\u00e9al pour un service en libre-service ou assist\u00e9<\/p>\n<p><b><u>Caract\u00e9ristiques du produit :<\/u><\/b><br \/>\u2022 Dim. : 200(H) x 365(L) x 420(P) mm<br \/>\u2022 Mati\u00e8re : Inox<br \/>\u2022 Voltage : 220-240V<br \/>\u2022 Poids : 23 kg<br \/>\u2022 Temp\u00e9rature ambiante MAX : 50 \u00b0C<br \/>\u2022 Couleur : Argent.<\/p>\n","protected":false},"excerpt":{"rendered":"<p>2,6kW.<\/p>\n","protected":false},"featured_media":105553,"comment_status":"open","ping_status":"closed","template":"","meta":[],"product_brand":[],"product_cat":[1160,1297,1179,1186],"product_tag":[],"class_list":{"0":"post-109563","1":"product","2":"type-product","3":"status-publish","4":"has-post-thumbnail","6":"product_cat-materiel-electrique-et-de-cuisson","7":"product_cat-non-palettisable","8":"product_cat-petit-materiel","9":"product_cat-toasters-et-grille-pains","10":"product_shipping_class-free-shipping","12":"first","13":"instock","14":"featured","15":"taxable","16":"shipping-taxable","17":"purchasable","18":"product-type-simple"},"_links":{"self":[{"href":"https:\/\/abinox-chr-clim.com\/index.php\/wp-json\/wp\/v2\/product\/109563","targetHints":{"allow":["GET"]}}],"collection":[{"href":"https:\/\/abinox-chr-clim.com\/index.php\/wp-json\/wp\/v2\/product"}],"about":[{"href":"https:\/\/abinox-chr-clim.com\/index.php\/wp-json\/wp\/v2\/types\/product"}],"replies":[{"embeddable":true,"href":"https:\/\/abinox-chr-clim.com\/index.php\/wp-json\/wp\/v2\/comments?post=109563"}],"wp:featuredmedia":[{"embeddable":true,"href":"https:\/\/abinox-chr-clim.com\/index.php\/wp-json\/wp\/v2\/media\/105553"}],"wp:attachment":[{"href":"https:\/\/abinox-chr-clim.com\/index.php\/wp-json\/wp\/v2\/media?parent=109563"}],"wp:term":[{"taxonomy":"product_brand","embeddable":true,"href":"https:\/\/abinox-chr-clim.com\/index.php\/wp-json\/wp\/v2\/product_brand?post=109563"},{"taxonomy":"product_cat","embeddable":true,"href":"https:\/\/abinox-chr-clim.com\/index.php\/wp-json\/wp\/v2\/product_cat?post=109563"},{"taxonomy":"product_tag","embeddable":true,"href":"https:\/\/abinox-chr-clim.com\/index.php\/wp-json\/wp\/v2\/product_tag?post=109563"}],"curies":[{"name":"wp","href":"https:\/\/api.w.org\/{rel}","templated":true}]}}