{"id":109562,"date":"2025-05-29T11:06:48","date_gmt":"2025-05-29T09:06:48","guid":{"rendered":"https:\/\/abinox-chr-clim.com\/index.php\/product\/grande-plancha-electrique-de-comptoir-buffalo\/"},"modified":"2026-04-13T08:14:13","modified_gmt":"2026-04-13T06:14:13","slug":"grande-plancha-electrique-de-comptoir-buffalo","status":"publish","type":"product","link":"https:\/\/abinox-chr-clim.com\/index.php\/product\/grande-plancha-electrique-de-comptoir-buffalo\/","title":{"rendered":"Grande plancha \u00e9lectrique de comptoir Buffalo"},"content":{"rendered":"<p>Con\u00e7ue pour des performances \u00e9lev\u00e9es avec un nouveau design \u00e9l\u00e9gant et un logo en relief, la plancha professionnelle Buffalo peut occuper une place de choix sur votre comptoir. Les doubles r\u00e9sistances puissantes, le thermostat pr\u00e9cis, le coupe-circuit de s\u00e9curit\u00e9 permettent une cuisson plus rapide et plus facile.<\/p>\n<p>\u2022 Conception robuste avec des \u00e9l\u00e9ments solides et puissants de qualit\u00e9 commerciale<br \/>\u2022 Plateau d&rsquo;\u00e9gouttement amovible dissimul\u00e9<br \/>\u2022 Ext\u00e9rieur en acier inoxydable facile \u00e0 nettoyer<br \/>\u2022 R\u00e9f\u00e9rence soumise \u00e0 une Eco-participation de 1.12\u20ac par unit\u00e9 vendue applicable en France uniquement\u00a0<br \/>\u2022 Les pieds r\u00e9glables offrent un positionnement robuste et s\u00fbr<br \/>\u2022 Bac de r\u00e9cup\u00e9ration amovible positionn\u00e9 \u00e0 l&rsquo;avant de l&rsquo;appareil<br \/>\u2022 Les voyants lumineux am\u00e9liorent la s\u00e9curit\u00e9 des utilisateurs<br \/>\u2022 Bac d&rsquo;\u00e9gouttement dissimul\u00e9, amovible et facile \u00e0 nettoyer<br \/>\u2022 Ext\u00e9rieur en acier inoxydable facile \u00e0 nettoyer et \u00e9conomisant les dents<br \/>\u2022 Commandes de temp\u00e9rature \u00e0 cadran conviviales avec deux zones de temp\u00e9rature<br \/>\u2022 Plaque de cuisson en acier A3 de qualit\u00e9 sup\u00e9rieure de 10 mm d&rsquo;\u00e9paisseur<\/p>\n<p><b><u>Caract\u00e9ristiques du produit :<\/u><\/b><br \/>\u2022 Dim. : 240(H) x 745(L) x 470(P) mm<br \/>\u2022 Mati\u00e8re : Inox 430<br \/>\u2022 Puissance : 2.2 kW<br \/>\u2022 Voltage : 230V<br \/>\u2022 Poids : 32,5 kg<br \/>\u2022 Couleur : Argent.<\/p>\n","protected":false},"excerpt":{"rendered":"<p>2,9 kW. Surface de cuisson : 738x330mm<\/p>\n","protected":false},"featured_media":107020,"comment_status":"open","ping_status":"closed","template":"","meta":[],"product_brand":[],"product_cat":[1185,1160,1296,1179],"product_tag":[],"class_list":{"0":"post-109562","1":"product","2":"type-product","3":"status-publish","4":"has-post-thumbnail","6":"product_cat-grils-et-plaques-de-cuisson","7":"product_cat-materiel-electrique-et-de-cuisson","8":"product_cat-palettisable","9":"product_cat-petit-materiel","10":"product_shipping_class-free-shipping","12":"first","13":"instock","14":"featured","15":"taxable","16":"shipping-taxable","17":"purchasable","18":"product-type-simple"},"_links":{"self":[{"href":"https:\/\/abinox-chr-clim.com\/index.php\/wp-json\/wp\/v2\/product\/109562","targetHints":{"allow":["GET"]}}],"collection":[{"href":"https:\/\/abinox-chr-clim.com\/index.php\/wp-json\/wp\/v2\/product"}],"about":[{"href":"https:\/\/abinox-chr-clim.com\/index.php\/wp-json\/wp\/v2\/types\/product"}],"replies":[{"embeddable":true,"href":"https:\/\/abinox-chr-clim.com\/index.php\/wp-json\/wp\/v2\/comments?post=109562"}],"wp:featuredmedia":[{"embeddable":true,"href":"https:\/\/abinox-chr-clim.com\/index.php\/wp-json\/wp\/v2\/media\/107020"}],"wp:attachment":[{"href":"https:\/\/abinox-chr-clim.com\/index.php\/wp-json\/wp\/v2\/media?parent=109562"}],"wp:term":[{"taxonomy":"product_brand","embeddable":true,"href":"https:\/\/abinox-chr-clim.com\/index.php\/wp-json\/wp\/v2\/product_brand?post=109562"},{"taxonomy":"product_cat","embeddable":true,"href":"https:\/\/abinox-chr-clim.com\/index.php\/wp-json\/wp\/v2\/product_cat?post=109562"},{"taxonomy":"product_tag","embeddable":true,"href":"https:\/\/abinox-chr-clim.com\/index.php\/wp-json\/wp\/v2\/product_tag?post=109562"}],"curies":[{"name":"wp","href":"https:\/\/api.w.org\/{rel}","templated":true}]}}