{"id":109539,"date":"2025-05-29T11:06:08","date_gmt":"2025-05-29T09:06:08","guid":{"rendered":"https:\/\/abinox-chr-clim.com\/index.php\/product\/plan-de-travail-neutre-buffalo-serie-600-600-mm\/"},"modified":"2026-04-29T11:06:44","modified_gmt":"2026-04-29T09:06:44","slug":"plan-de-travail-neutre-buffalo-serie-600-600-mm","status":"publish","type":"product","link":"https:\/\/abinox-chr-clim.com\/index.php\/product\/plan-de-travail-neutre-buffalo-serie-600-600-mm\/","title":{"rendered":"Plan de travail neutre Buffalo S\u00e9rie 600 600 mm"},"content":{"rendered":"<p>Plan de travail durable offrant un espace de travail suppl\u00e9mentaire utile. Construction en acier inoxydable facile \u00e0 nettoyer.<\/p>\n<p>\u2022 Construction en acier inoxydable solide et facile \u00e0 nettoyer<br \/>\u2022 S&rsquo;agence parfaitement avec les autres appareils et plans de travail Buffalo de la s\u00e9rie 600<br \/>\u2022 Parfait comme espace suppl\u00e9mentaire de pr\u00e9paration alimentaire<br \/>\u2022 Bord sur\u00e9lev\u00e9 sur les c\u00f4t\u00e9s et \u00e0 l&rsquo;arri\u00e8re<\/p>\n<p><b><u>Caract\u00e9ristiques du produit :<\/u><\/b><br \/>\u2022 Dim. : 240(H) x 600(L) x 600(P) mm<br \/>\u2022 Poids : 10,2 kg.<\/p>\n","protected":false},"excerpt":{"rendered":"<p>Largeur : 600 mm. Acier inoxydable<\/p>\n","protected":false},"featured_media":107017,"comment_status":"open","ping_status":"closed","template":"","meta":[],"product_brand":[],"product_cat":[1147,1153,1146,1297],"product_tag":[],"class_list":{"0":"post-109539","1":"product","2":"type-product","3":"status-publish","4":"has-post-thumbnail","6":"product_cat-chariots-et-rayonnages","7":"product_cat-etageres-murales-et-placards","8":"product_cat-mobilier-de-cuisine-chariots-et-echelles","9":"product_cat-non-palettisable","10":"product_shipping_class-free-shipping","12":"first","13":"instock","14":"featured","15":"taxable","16":"shipping-taxable","17":"purchasable","18":"product-type-simple"},"_links":{"self":[{"href":"https:\/\/abinox-chr-clim.com\/index.php\/wp-json\/wp\/v2\/product\/109539","targetHints":{"allow":["GET"]}}],"collection":[{"href":"https:\/\/abinox-chr-clim.com\/index.php\/wp-json\/wp\/v2\/product"}],"about":[{"href":"https:\/\/abinox-chr-clim.com\/index.php\/wp-json\/wp\/v2\/types\/product"}],"replies":[{"embeddable":true,"href":"https:\/\/abinox-chr-clim.com\/index.php\/wp-json\/wp\/v2\/comments?post=109539"}],"wp:featuredmedia":[{"embeddable":true,"href":"https:\/\/abinox-chr-clim.com\/index.php\/wp-json\/wp\/v2\/media\/107017"}],"wp:attachment":[{"href":"https:\/\/abinox-chr-clim.com\/index.php\/wp-json\/wp\/v2\/media?parent=109539"}],"wp:term":[{"taxonomy":"product_brand","embeddable":true,"href":"https:\/\/abinox-chr-clim.com\/index.php\/wp-json\/wp\/v2\/product_brand?post=109539"},{"taxonomy":"product_cat","embeddable":true,"href":"https:\/\/abinox-chr-clim.com\/index.php\/wp-json\/wp\/v2\/product_cat?post=109539"},{"taxonomy":"product_tag","embeddable":true,"href":"https:\/\/abinox-chr-clim.com\/index.php\/wp-json\/wp\/v2\/product_tag?post=109539"}],"curies":[{"name":"wp","href":"https:\/\/api.w.org\/{rel}","templated":true}]}}