{"id":109529,"date":"2025-05-29T11:05:49","date_gmt":"2025-05-29T09:05:49","guid":{"rendered":"https:\/\/abinox-chr-clim.com\/index.php\/product\/table-de-cuisson-electrique-2-feux-buffalo-serie-600\/"},"modified":"2026-04-20T10:31:27","modified_gmt":"2026-04-20T08:31:27","slug":"table-de-cuisson-electrique-2-feux-buffalo-serie-600","status":"publish","type":"product","link":"https:\/\/abinox-chr-clim.com\/index.php\/product\/table-de-cuisson-electrique-2-feux-buffalo-serie-600\/","title":{"rendered":"Table de cuisson \u00e9lectrique 2 feux Buffalo S\u00e9rie 600"},"content":{"rendered":"<p>Tables de cuisson \u00e9lectriques puissantes et faciles \u00e0 nettoyer, avec r\u00e9glage de la temp\u00e9rature par cadran. Conception modulaire pour s&rsquo;adapter aux autres appareils de la s\u00e9rie 600.<\/p>\n<p>\u2022 Thermostat \u00e0 limite \u00e9lev\u00e9e int\u00e9gr\u00e9 aux plaques chauffantes &#8211; \u00e9vite la surchauffe<br \/>\u2022 Plaques de cuisson 180 mm (\u00d8)<br \/>\u2022 Plaques de cuisson enti\u00e8rement press\u00e9es et scell\u00e9es, faciles \u00e0 nettoyer<br \/>\u2022 1 plaque chauffante de 1,5 kW et 1 plaque chauffante de 2 kW<br \/>\u2022 Plage de temp\u00e9rature 90-450\u00b0C<br \/>\u2022 Commandes \u00e0 cadran conviviales<br \/>\u2022 Les bords sur\u00e9lev\u00e9s \u00e9vitent aux d\u00e9versements de tomber sur le c\u00f4t\u00e9 ou \u00e0 l&rsquo;arri\u00e8re<\/p>\n<p><b><u>Caract\u00e9ristiques du produit :<\/u><\/b><br \/>\u2022 Dim. : 240(H) x 400(L) x 600(P) mm<br \/>\u2022 Temp\u00e9rature : 90 \u00b0C \u00e0 450 \u00b0C<br \/>\u2022 Voltage : 230V<br \/>\u2022 Poids : 8,4 kg<br \/>\u2022 Type : Electrique<br \/>\u2022 Couleur : Argent.<\/p>\n","protected":false},"excerpt":{"rendered":"<p>3,5 kW. C\u00e2ble \u00e9lectrique. Largeur : 400 mm. REMARQUE : Unit\u00e9 de comptoir uniquement. REMARQUE : Unit\u00e9 de comptoir uniquement. Soubassement vendu s\u00e9par\u00e9ment.<\/p>\n","protected":false},"featured_media":107016,"comment_status":"open","ping_status":"closed","template":"","meta":[],"product_brand":[],"product_cat":[1180,1160,1297,1179],"product_tag":[],"class_list":{"0":"post-109529","1":"product","2":"type-product","3":"status-publish","4":"has-post-thumbnail","6":"product_cat-chauffe-aliments","7":"product_cat-materiel-electrique-et-de-cuisson","8":"product_cat-non-palettisable","9":"product_cat-petit-materiel","10":"product_shipping_class-free-shipping","12":"first","13":"outofstock","14":"featured","15":"taxable","16":"shipping-taxable","17":"purchasable","18":"product-type-simple"},"_links":{"self":[{"href":"https:\/\/abinox-chr-clim.com\/index.php\/wp-json\/wp\/v2\/product\/109529","targetHints":{"allow":["GET"]}}],"collection":[{"href":"https:\/\/abinox-chr-clim.com\/index.php\/wp-json\/wp\/v2\/product"}],"about":[{"href":"https:\/\/abinox-chr-clim.com\/index.php\/wp-json\/wp\/v2\/types\/product"}],"replies":[{"embeddable":true,"href":"https:\/\/abinox-chr-clim.com\/index.php\/wp-json\/wp\/v2\/comments?post=109529"}],"wp:featuredmedia":[{"embeddable":true,"href":"https:\/\/abinox-chr-clim.com\/index.php\/wp-json\/wp\/v2\/media\/107016"}],"wp:attachment":[{"href":"https:\/\/abinox-chr-clim.com\/index.php\/wp-json\/wp\/v2\/media?parent=109529"}],"wp:term":[{"taxonomy":"product_brand","embeddable":true,"href":"https:\/\/abinox-chr-clim.com\/index.php\/wp-json\/wp\/v2\/product_brand?post=109529"},{"taxonomy":"product_cat","embeddable":true,"href":"https:\/\/abinox-chr-clim.com\/index.php\/wp-json\/wp\/v2\/product_cat?post=109529"},{"taxonomy":"product_tag","embeddable":true,"href":"https:\/\/abinox-chr-clim.com\/index.php\/wp-json\/wp\/v2\/product_tag?post=109529"}],"curies":[{"name":"wp","href":"https:\/\/api.w.org\/{rel}","templated":true}]}}