{"id":109495,"date":"2025-05-29T11:04:46","date_gmt":"2025-05-29T09:04:46","guid":{"rendered":"https:\/\/abinox-chr-clim.com\/index.php\/product\/bol-incline-rond-en-melamine-aps-zen-noir-300-ml\/"},"modified":"2025-06-30T11:55:38","modified_gmt":"2025-06-30T09:55:38","slug":"bol-incline-rond-en-melamine-aps-zen-noir-300-ml","status":"publish","type":"product","link":"https:\/\/abinox-chr-clim.com\/index.php\/product\/bol-incline-rond-en-melamine-aps-zen-noir-300-ml\/","title":{"rendered":"Bol inclin\u00e9 rond en m\u00e9lamine APS Zen Noir 300 ml"},"content":{"rendered":"<p>Bols en m\u00e9lamine \u00e9l\u00e9gants avec des motifs orientaux ayant l&rsquo;apparence de la fa\u00efence japonaise. R\u00e9sistant aux \u00e9clats et aux rayures, et lavable au lave-vaisselle.<\/p>\n<p>\u2022 Finition effet pierre gaufr\u00e9<br \/>\u2022 Imitation du gr\u00e8s japonais<br \/>\u2022 Pratiquement incassable<br \/>\u2022 R\u00e9sistant aux \u00e9clats<br \/>\u2022 R\u00e9sistant aux rayures<br \/>\u2022 Lave-vaisselle<\/p>\n<p><b><u>Caract\u00e9ristiques du produit :<\/u><\/b><br \/>\u2022 Capacit\u00e9 : 300 ml<br \/>\u2022 Dim. : 100(H) x 160(\u00d8) mm<br \/>\u2022 Mati\u00e8re : M\u00e9lamine<br \/>\u2022 Poids : 270 g<br \/>\u2022 Couleur : Noir.<\/p>\n","protected":false},"excerpt":{"rendered":"<p>300 ml. Noir<\/p>\n","protected":false},"featured_media":108303,"comment_status":"open","ping_status":"closed","template":"","meta":[],"product_brand":[],"product_cat":[1023,1045,1297,1043],"product_tag":[],"class_list":{"0":"post-109495","1":"product","2":"type-product","3":"status-publish","4":"has-post-thumbnail","6":"product_cat-art-de-la-table","7":"product_cat-divers-vaisselle","8":"product_cat-non-palettisable","9":"product_cat-vaisselle","10":"product_shipping_class-free-shipping","12":"first","13":"outofstock","14":"featured","15":"taxable","16":"shipping-taxable","17":"purchasable","18":"product-type-simple"},"_links":{"self":[{"href":"https:\/\/abinox-chr-clim.com\/index.php\/wp-json\/wp\/v2\/product\/109495","targetHints":{"allow":["GET"]}}],"collection":[{"href":"https:\/\/abinox-chr-clim.com\/index.php\/wp-json\/wp\/v2\/product"}],"about":[{"href":"https:\/\/abinox-chr-clim.com\/index.php\/wp-json\/wp\/v2\/types\/product"}],"replies":[{"embeddable":true,"href":"https:\/\/abinox-chr-clim.com\/index.php\/wp-json\/wp\/v2\/comments?post=109495"}],"wp:featuredmedia":[{"embeddable":true,"href":"https:\/\/abinox-chr-clim.com\/index.php\/wp-json\/wp\/v2\/media\/108303"}],"wp:attachment":[{"href":"https:\/\/abinox-chr-clim.com\/index.php\/wp-json\/wp\/v2\/media?parent=109495"}],"wp:term":[{"taxonomy":"product_brand","embeddable":true,"href":"https:\/\/abinox-chr-clim.com\/index.php\/wp-json\/wp\/v2\/product_brand?post=109495"},{"taxonomy":"product_cat","embeddable":true,"href":"https:\/\/abinox-chr-clim.com\/index.php\/wp-json\/wp\/v2\/product_cat?post=109495"},{"taxonomy":"product_tag","embeddable":true,"href":"https:\/\/abinox-chr-clim.com\/index.php\/wp-json\/wp\/v2\/product_tag?post=109495"}],"curies":[{"name":"wp","href":"https:\/\/api.w.org\/{rel}","templated":true}]}}