{"id":109436,"date":"2025-05-29T11:02:43","date_gmt":"2025-05-29T09:02:43","guid":{"rendered":"https:\/\/abinox-chr-clim.com\/index.php\/product\/chaussures-vegan-homme-noires-mozo-maven-shoes-for-crews-46\/"},"modified":"2026-04-02T09:53:04","modified_gmt":"2026-04-02T07:53:04","slug":"chaussures-vegan-homme-noires-mozo-maven-shoes-for-crews-46","status":"publish","type":"product","link":"https:\/\/abinox-chr-clim.com\/index.php\/product\/chaussures-vegan-homme-noires-mozo-maven-shoes-for-crews-46\/","title":{"rendered":"Chaussures vegan homme noires Mozo Maven Shoes for Crews 46"},"content":{"rendered":"<p>Con\u00e7ues pour apporter style, soutien et confort, notamment gr\u00e2ce \u00e0 la semelle int\u00e9rieure en gel, ces chaussures sont parfaites pour les professionnels de la cuisine. Certifi\u00e9es CE et OB. Conception naturelle.<\/p>\n<p>\u2022 100% vegan<br \/>\u2022 Trait\u00e9 avec une protection Scotchgard 3M<br \/>\u2022 Semelle int\u00e9rieure en gel PU amovible<br \/>\u2022 Tige en toile cir\u00e9e imperm\u00e9able<br \/>\u2022 EN ISO 20347:2012 (OB E SRC)<br \/>\u2022 Base de traction pour une meilleure adh\u00e9rence<\/p>\n<p><b><u>Caract\u00e9ristiques du produit :<\/u><\/b><br \/>\u2022 Mati\u00e8re : Toile cir\u00e9e<br \/>\u2022 Poids : 1,03 kg<br \/>\u2022 Couleur : Noir.<\/p>\n","protected":false},"excerpt":{"rendered":"<p>Pointure 46<\/p>\n","protected":false},"featured_media":108271,"comment_status":"open","ping_status":"closed","template":"","meta":[],"product_brand":[],"product_cat":[1258,1260,1297,1257],"product_tag":[],"class_list":{"0":"post-109436","1":"product","2":"type-product","3":"status-publish","4":"has-post-thumbnail","6":"product_cat-chaussures","7":"product_cat-divers-chaussures","8":"product_cat-non-palettisable","9":"product_cat-vetements-et-chaussures","10":"product_shipping_class-free-shipping","12":"first","13":"instock","14":"featured","15":"taxable","16":"shipping-taxable","17":"purchasable","18":"product-type-simple"},"_links":{"self":[{"href":"https:\/\/abinox-chr-clim.com\/index.php\/wp-json\/wp\/v2\/product\/109436","targetHints":{"allow":["GET"]}}],"collection":[{"href":"https:\/\/abinox-chr-clim.com\/index.php\/wp-json\/wp\/v2\/product"}],"about":[{"href":"https:\/\/abinox-chr-clim.com\/index.php\/wp-json\/wp\/v2\/types\/product"}],"replies":[{"embeddable":true,"href":"https:\/\/abinox-chr-clim.com\/index.php\/wp-json\/wp\/v2\/comments?post=109436"}],"wp:featuredmedia":[{"embeddable":true,"href":"https:\/\/abinox-chr-clim.com\/index.php\/wp-json\/wp\/v2\/media\/108271"}],"wp:attachment":[{"href":"https:\/\/abinox-chr-clim.com\/index.php\/wp-json\/wp\/v2\/media?parent=109436"}],"wp:term":[{"taxonomy":"product_brand","embeddable":true,"href":"https:\/\/abinox-chr-clim.com\/index.php\/wp-json\/wp\/v2\/product_brand?post=109436"},{"taxonomy":"product_cat","embeddable":true,"href":"https:\/\/abinox-chr-clim.com\/index.php\/wp-json\/wp\/v2\/product_cat?post=109436"},{"taxonomy":"product_tag","embeddable":true,"href":"https:\/\/abinox-chr-clim.com\/index.php\/wp-json\/wp\/v2\/product_tag?post=109436"}],"curies":[{"name":"wp","href":"https:\/\/api.w.org\/{rel}","templated":true}]}}