{"id":109408,"date":"2025-05-29T11:01:52","date_gmt":"2025-05-29T09:01:52","guid":{"rendered":"https:\/\/abinox-chr-clim.com\/index.php\/product\/pantalon-decontracte-southside-noir-xl\/"},"modified":"2025-08-26T15:01:42","modified_gmt":"2025-08-26T13:01:42","slug":"pantalon-decontracte-southside-noir-xl","status":"publish","type":"product","link":"https:\/\/abinox-chr-clim.com\/index.php\/product\/pantalon-decontracte-southside-noir-xl\/","title":{"rendered":"Pantalon d\u00e9contract\u00e9 Southside noir XL"},"content":{"rendered":"<p>Choisissez des v\u00eatements confortables et \u00e9l\u00e9gants pour l&rsquo;uniforme de votre personnel. Le pantalon d\u00e9contract\u00e9 Southside est parfait. Sa coupe d\u00e9contract\u00e9e offre une excellente respirabilit\u00e9 pour rester au frais, tandis que le mat\u00e9riau de haute qualit\u00e9 est suffisamment durable pour r\u00e9sister \u00e0 l&rsquo;usure.<\/p>\n<p>\u2022 Entretien facile &#8211; lavable en machine<br \/>\u2022 Tr\u00e8s durable &#8211; con\u00e7u pour un usage quotidien<br \/>\u2022 Design \u00e9l\u00e9gant adapt\u00e9 en salle et pour les cuisines <\/p>\n","protected":false},"excerpt":{"rendered":"<p>Taille XL. Noir<\/p>\n","protected":false},"featured_media":105550,"comment_status":"open","ping_status":"closed","template":"","meta":[],"product_brand":[],"product_cat":[1297,1265,1262,1257],"product_tag":[],"class_list":{"0":"post-109408","1":"product","2":"type-product","3":"status-publish","4":"has-post-thumbnail","6":"product_cat-non-palettisable","7":"product_cat-pantalons-de-cuisine","8":"product_cat-tenues-de-cuisine","9":"product_cat-vetements-et-chaussures","10":"product_shipping_class-free-shipping","12":"first","13":"outofstock","14":"featured","15":"taxable","16":"shipping-taxable","17":"purchasable","18":"product-type-simple"},"_links":{"self":[{"href":"https:\/\/abinox-chr-clim.com\/index.php\/wp-json\/wp\/v2\/product\/109408","targetHints":{"allow":["GET"]}}],"collection":[{"href":"https:\/\/abinox-chr-clim.com\/index.php\/wp-json\/wp\/v2\/product"}],"about":[{"href":"https:\/\/abinox-chr-clim.com\/index.php\/wp-json\/wp\/v2\/types\/product"}],"replies":[{"embeddable":true,"href":"https:\/\/abinox-chr-clim.com\/index.php\/wp-json\/wp\/v2\/comments?post=109408"}],"wp:featuredmedia":[{"embeddable":true,"href":"https:\/\/abinox-chr-clim.com\/index.php\/wp-json\/wp\/v2\/media\/105550"}],"wp:attachment":[{"href":"https:\/\/abinox-chr-clim.com\/index.php\/wp-json\/wp\/v2\/media?parent=109408"}],"wp:term":[{"taxonomy":"product_brand","embeddable":true,"href":"https:\/\/abinox-chr-clim.com\/index.php\/wp-json\/wp\/v2\/product_brand?post=109408"},{"taxonomy":"product_cat","embeddable":true,"href":"https:\/\/abinox-chr-clim.com\/index.php\/wp-json\/wp\/v2\/product_cat?post=109408"},{"taxonomy":"product_tag","embeddable":true,"href":"https:\/\/abinox-chr-clim.com\/index.php\/wp-json\/wp\/v2\/product_tag?post=109408"}],"curies":[{"name":"wp","href":"https:\/\/api.w.org\/{rel}","templated":true}]}}