{"id":109381,"date":"2025-05-29T11:01:01","date_gmt":"2025-05-29T09:01:01","guid":{"rendered":"https:\/\/abinox-chr-clim.com\/index.php\/product\/baskets-de-securite-en-mesh-semelle-super-confort-slipbuster-noires-43\/"},"modified":"2025-08-26T15:08:33","modified_gmt":"2025-08-26T13:08:33","slug":"baskets-de-securite-en-mesh-semelle-super-confort-slipbuster-noires-43","status":"publish","type":"product","link":"https:\/\/abinox-chr-clim.com\/index.php\/product\/baskets-de-securite-en-mesh-semelle-super-confort-slipbuster-noires-43\/","title":{"rendered":"Baskets de s\u00e9curit\u00e9 en mesh semelle super confort Slipbuster noires 43"},"content":{"rendered":"<p>Semelles super-confort. Respirantes. Pas d&#8217;embout de s\u00e9curit\u00e9. Pointures disponibles 37-46.<\/p>\n<p>\u2022 Mat\u00e9riaux : 40% polyester recycl\u00e9 \/ 60% polyur\u00e9thane<br \/>\u2022 Test\u00e9 selon EN ISO 20345:2022 + A1:2024, S1 SC SR<br \/>\u2022 Les mat\u00e9riaux utilis\u00e9s r\u00e9pondent \u00e0 la certification GRS 4.0<br \/>\u2022 Semelle antid\u00e9rapante sp\u00e9cialement con\u00e7ue<br \/>\u2022 Tr\u00e8s durable &#8211; con\u00e7u pour un usage quotidien<br \/>\u2022 Tige respirante &#8211; parfaite pour garder vos pieds au frais<br \/>\u2022 La semelle int\u00e9rieure favorise l&rsquo;a\u00e9ration pour un confort am\u00e9lior\u00e9, surtout pendant les longues p\u00e9riodes de travail<br \/>\u2022 Design \u00e9l\u00e9gant adapt\u00e9 \u00e0 la salle et la cuisine<\/p>\n<p><b><u>Caract\u00e9ristiques du produit :<\/u><\/b><br \/>\u2022 Tailles : 43.0.<\/p>\n","protected":false},"excerpt":{"rendered":"<p>Pointure EU 43<\/p>\n","protected":false},"featured_media":108266,"comment_status":"open","ping_status":"closed","template":"","meta":[],"product_brand":[],"product_cat":[1258,1259,1297,1257],"product_tag":[],"class_list":{"0":"post-109381","1":"product","2":"type-product","3":"status-publish","4":"has-post-thumbnail","6":"product_cat-chaussures","7":"product_cat-chaussures-de-securite","8":"product_cat-non-palettisable","9":"product_cat-vetements-et-chaussures","10":"product_shipping_class-free-shipping","12":"first","13":"outofstock","14":"featured","15":"taxable","16":"shipping-taxable","17":"purchasable","18":"product-type-simple"},"_links":{"self":[{"href":"https:\/\/abinox-chr-clim.com\/index.php\/wp-json\/wp\/v2\/product\/109381","targetHints":{"allow":["GET"]}}],"collection":[{"href":"https:\/\/abinox-chr-clim.com\/index.php\/wp-json\/wp\/v2\/product"}],"about":[{"href":"https:\/\/abinox-chr-clim.com\/index.php\/wp-json\/wp\/v2\/types\/product"}],"replies":[{"embeddable":true,"href":"https:\/\/abinox-chr-clim.com\/index.php\/wp-json\/wp\/v2\/comments?post=109381"}],"wp:featuredmedia":[{"embeddable":true,"href":"https:\/\/abinox-chr-clim.com\/index.php\/wp-json\/wp\/v2\/media\/108266"}],"wp:attachment":[{"href":"https:\/\/abinox-chr-clim.com\/index.php\/wp-json\/wp\/v2\/media?parent=109381"}],"wp:term":[{"taxonomy":"product_brand","embeddable":true,"href":"https:\/\/abinox-chr-clim.com\/index.php\/wp-json\/wp\/v2\/product_brand?post=109381"},{"taxonomy":"product_cat","embeddable":true,"href":"https:\/\/abinox-chr-clim.com\/index.php\/wp-json\/wp\/v2\/product_cat?post=109381"},{"taxonomy":"product_tag","embeddable":true,"href":"https:\/\/abinox-chr-clim.com\/index.php\/wp-json\/wp\/v2\/product_tag?post=109381"}],"curies":[{"name":"wp","href":"https:\/\/api.w.org\/{rel}","templated":true}]}}