{"id":2597,"date":"2020-12-11T09:46:47","date_gmt":"2020-12-11T08:46:47","guid":{"rendered":"http:\/\/abinox-chr-clim.com\/?page_id=2597"},"modified":"2024-03-25T13:38:26","modified_gmt":"2024-03-25T12:38:26","slug":"entretien-climatisation","status":"publish","type":"page","link":"https:\/\/abinox-chr-clim.com\/index.php\/entretien-climatisation\/","title":{"rendered":"Entretien climatisation"},"content":{"rendered":"<div class=\"wpb-content-wrapper\"><p>[vc_row wrap_container=\u00a0\u00bbyes\u00a0\u00bb el_class=\u00a0\u00bbpy-5&Prime;][vc_column][vc_column_text]Notre expertise dans l&rsquo;<strong>entretien climatisation<\/strong> nous permet de vous conseiller. Notre exp\u00e9rience, nous a appris que la long\u00e9vit\u00e9 d\u2019une climatisation d\u00e9pend non seulement de la qualit\u00e9 de son installation, mais \u00e9galement de son entretien. Pour la conserver le plus longtemps possible nos \u00e9quipes vous recommandent d\u2019effectuer un entretien r\u00e9gulier pour maintenir un environnement sain et \u00e9viter l&rsquo;apparition de moisissure et des mauvaises odeurs dans votre cuisine entre autre.<\/p>\n<p>Nos frigoristes r\u00e9aliseront de fa\u00e7on p\u00e9riodique la r\u00e9paration de climatisation si besoin, de circuit de climatisation, le changement des filtres \u00e0 air, recharge de votre fluide frigorig\u00e8ne etc. tout cela afin de vous assurer un traitement de l&rsquo;air de qualit\u00e9 tout en vous faisant b\u00e9n\u00e9ficier de fra\u00eecheur saine dans votre local ou votre maison.[\/vc_column_text][vc_row_inner][vc_column_inner width=\u00a0\u00bb1\/2&Prime; offset=\u00a0\u00bbvc_col-md -6&Prime;]<style>.porto-info-liste4494abff002b943aa847c6902851ae0 i { color: #e8465f;font-size: 14px; }<\/style><ul class=\"porto-info-list mb-4 pb-2 porto-info-liste4494abff002b943aa847c6902851ae0 wpb_custom_605e968d34621e6df4dfcffa2eeb43cc\"><li class=\"porto-info-list-item  wpb_custom_eade0171093a7591372ccf9372738e3d\"><i class=\"porto-info-icon fas fa-check\"><\/i><div class=\"porto-info-list-item-desc\">Economie d&rsquo;\u00e9nergie en \u00e9vitant les pertes de rendement.<\/div><\/li><li class=\"porto-info-list-item  wpb_custom_eade0171093a7591372ccf9372738e3d\"><i class=\"porto-info-icon fas fa-check\"><\/i><div class=\"porto-info-list-item-desc\">Anticiper les d\u00e9penses impr\u00e9vues<\/div><\/li><li class=\"porto-info-list-item  wpb_custom_eade0171093a7591372ccf9372738e3d\"><i class=\"porto-info-icon fas fa-check\"><\/i><div class=\"porto-info-list-item-desc\">Respect de la nouvelle r\u00e8glementation en vigueur.<\/div><\/li><\/ul><div class=\"porto-animation d-flex align-items-center justify-content-start mb-4\"  data-appear-animation=\"fadeIn\" data-appear-animation-delay=\"700\">[vc_custom_heading text=\u00a0\u00bbContrat d&rsquo;entretien frigorifique.\u00a0\u00bb font_container=\u00a0\u00bbtag:h5|font_size:1.4em|text_align:left|line_height:1.4&Prime; use_theme_fonts=\u00a0\u00bbyes\u00a0\u00bb font_weight=\u00a0\u00bb700&Prime; skin=\u00a0\u00bbdark\u00a0\u00bb el_class=\u00a0\u00bbml-3 mb-1&Prime;]<\/div>[\/vc_column_inner][vc_column_inner width=\u00a0\u00bb1\/2&Prime; offset=\u00a0\u00bbvc_col-md-6&Prime;][vc_single_image image=\u00a0\u00bb2607&Prime; img_size=\u00a0\u00bbblog-masonry\u00a0\u00bb alignment=\u00a0\u00bbright\u00a0\u00bb el_class=\u00a0\u00bbbox-shadow-1 mt-4 mt-lg-0 ml-lg-3 p-3 mb-3&Prime;][\/vc_column_inner][\/vc_row_inner][\/vc_column][\/vc_row][vc_row full_width=\u00a0\u00bbstretch_row_content_no_spaces\u00a0\u00bb el_class=\u00a0\u00bbpx-0&Prime;][vc_column width=\u00a0\u00bb1\/2&Prime; text_align=\u00a0\u00bbleft\u00a0\u00bb css=\u00a0\u00bb.vc_custom_1607620670652{padding-top: 4.5rem !important;padding-bottom: 4.5rem !important;background-color: #e52f4b !important;}\u00a0\u00bb]<div class=\"porto-ultimate-content-box-container col-half-section mb-0 col-half-section-right\"><style>.porto_ucb_21b6bf01188be9ba0119a2cb5c097588{will-change: box-shadow;box-shadow: none;}.porto_ucb_21b6bf01188be9ba0119a2cb5c097588:hover{box-shadow:none}<\/style><div class=\"porto-ultimate-content-box porto_ucb_21b6bf01188be9ba0119a2cb5c097588\" style=\"\">[vc_custom_heading text=\u00a0\u00bbSAV \u00e0 votre \u00e9coute\u00a0\u00bb font_container=\u00a0\u00bbtag:h5|text_align:left\u00a0\u00bb use_theme_fonts=\u00a0\u00bbyes\u00a0\u00bb font_weight=\u00a0\u00bb600&Prime; skin=\u00a0\u00bblight\u00a0\u00bb letter_spacing=\u00a0\u00bb0&Prime; show_border=\u00a0\u00bbyes\u00a0\u00bb border_skin=\u00a0\u00bblight\u00a0\u00bb border_type=\u00a0\u00bbmiddle-border-reverse\u00a0\u00bb border_size=\u00a0\u00bblg\u00a0\u00bb animation_delay=\u00a0\u00bb100&Prime; el_class=\u00a0\u00bbmb-1&Prime; animation_type=\u00a0\u00bbfadeInLeft\u00a0\u00bb css=\u00a0\u00bb.vc_custom_1607871946047{padding-left: 10px !important;}\u00a0\u00bb][vc_custom_heading text=\u00a0\u00bb\u00catre un partenaire performant\u00a0\u00bb font_container=\u00a0\u00bbtag:h2|font_size:2.2em|text_align:left|line_height:1.4&Prime; use_theme_fonts=\u00a0\u00bbyes\u00a0\u00bb skin=\u00a0\u00bblight\u00a0\u00bb animation_delay=\u00a0\u00bb200&Prime; el_class=\u00a0\u00bbmb-1&Prime; animation_type=\u00a0\u00bbfadeInLeft\u00a0\u00bb css=\u00a0\u00bb.vc_custom_1607871982824{padding-left: 10px !important;}\u00a0\u00bb][vc_column_text]<span style=\"color: #fff; opacity: 0.7;\">Souscrire \u00e0 notre contrat \u00ab\u00a0entretien climatisation\u00a0\u00bb de maintenance frigorifique vous permet de prolonger consid\u00e9rablement la dur\u00e9e de vie de vos appareils, d&rsquo;\u00e9viter les risques de pannes de vos \u00e9quipements. Anticiper et faire face aux d\u00e9penses impr\u00e9vues ainsi que de respecter la r\u00e9glementation en vigueur.<\/span>[\/vc_column_text]<\/div><\/div>[\/vc_column][vc_column width=\u00a0\u00bb1\/2&Prime; text_align=\u00a0\u00bbright\u00a0\u00bb el_class=\u00a0\u00bbbackground-color-primary\u00a0\u00bb css=\u00a0\u00bb.vc_custom_1607620685644{padding-top: 4.5rem !important;padding-bottom: 4.5rem !important;}\u00a0\u00bb]<div class=\"porto-ultimate-content-box-container col-half-section mb-0\"><style>.porto_ucb_21b6bf01188be9ba0119a2cb5c097588{will-change: box-shadow;box-shadow: none;}.porto_ucb_21b6bf01188be9ba0119a2cb5c097588:hover{box-shadow:none}<\/style><div class=\"porto-ultimate-content-box porto_ucb_21b6bf01188be9ba0119a2cb5c097588\" style=\"\">[vc_custom_heading text=\u00a0\u00bbExp\u00e9riment\u00e9 et reconnu\u00a0\u00bb font_container=\u00a0\u00bbtag:h5|text_align:right\u00a0\u00bb use_theme_fonts=\u00a0\u00bbyes\u00a0\u00bb font_weight=\u00a0\u00bb600&Prime; skin=\u00a0\u00bblight\u00a0\u00bb letter_spacing=\u00a0\u00bb0&Prime; show_border=\u00a0\u00bbyes\u00a0\u00bb border_skin=\u00a0\u00bblight\u00a0\u00bb border_type=\u00a0\u00bbmiddle-border\u00a0\u00bb border_size=\u00a0\u00bblg\u00a0\u00bb animation_delay=\u00a0\u00bb100&Prime; el_class=\u00a0\u00bbmb-1&Prime; animation_type=\u00a0\u00bbfadeInRight\u00a0\u00bb css=\u00a0\u00bb.vc_custom_1607872634283{padding-left: 10px !important;}\u00a0\u00bb][vc_custom_heading text=\u00a0\u00bbHabilit\u00e9 &amp; certifi\u00e9 socotec\u00a0\u00bb font_container=\u00a0\u00bbtag:h2|font_size:2.2em|text_align:right|line_height:1.4&Prime; use_theme_fonts=\u00a0\u00bbyes\u00a0\u00bb skin=\u00a0\u00bblight\u00a0\u00bb animation_delay=\u00a0\u00bb200&Prime; el_class=\u00a0\u00bbmb-1&Prime; animation_type=\u00a0\u00bbfadeInRight\u00a0\u00bb css=\u00a0\u00bb.vc_custom_1608198626567{padding-left: 10px !important;}\u00a0\u00bb][vc_column_text css_animation=\u00a0\u00bbfadeInRight\u00a0\u00bb]<span style=\"color: #fff; opacity: 0.7;\">Le groupe SOCOTEC est un tiers de confiance ind\u00e9pendant qui a plus de 250\u00a0agr\u00e9ments et accr\u00e9ditations d\u00e9livr\u00e9 apr\u00e8s \u00e9valuation, par diff\u00e9rents minist\u00e8res tel que : le minist\u00e8re l\u2019Int\u00e9rieur et des collectivit\u00e9s territoriales, de l\u2019\u00e9cologie et du d\u00e9veloppement durable, etc\u2026) mais aussi par les autorit\u00e9s de tutelle comme : la s\u00fbret\u00e9 nucl\u00e9aire, EDF, ANFAS, AFNOR, etc\u2026).<\/span><\/p>\n<p><img decoding=\"async\" class=\"alignnone size-full wp-image-2842\" src=\"http:\/\/abinox-chr-clim.com\/wp-content\/uploads\/2020\/12\/logo-socotech-blanc.png\" alt=\"Agr\u00e9\u00e9 socotec\" width=\"100\" height=\"80\" \/>[\/vc_column_text]<\/div><\/div>[\/vc_column][\/vc_row][vc_row wrap_container=\u00a0\u00bbyes\u00a0\u00bb content_placement=\u00a0\u00bbmiddle\u00a0\u00bb el_class=\u00a0\u00bbpy-5 mt-3&Prime;][vc_column el_class=\u00a0\u00bbpb-4 pb-lg-0&Prime; offset=\u00a0\u00bbvc_col-md-5&Prime;][vc_single_image image=\u00a0\u00bb3060&Prime; img_size=\u00a0\u00bbblog-masonry\u00a0\u00bb el_class=\u00a0\u00bbp-3 box-shadow-1 mb-3 mr-lg-3&Prime;][\/vc_column][vc_column offset=\u00a0\u00bbvc_col-md-7&Prime;][vc_column_text]Un climatiseur bien entretenu est un gage de bonne sant\u00e9 et d\u2019\u00e9conomies. Si les filtres \u00e0 air sont poussi\u00e9reux, l\u2019air que vous laissez se r\u00e9pandre \u00e0 la maison ou au bureau ne sera pas de bonne qualit\u00e9.<br \/>\nD\u2019autre part, si vos climatiseurs fonctionnent \u00e0 partir de liquide frigorig\u00e8ne exc\u00e9dant ou \u00e9galant un poids de 2 kilos, la maintenance annuelle de votre installation s\u2019av\u00e8re obligatoire.<\/p>\n<p>De plus, l&rsquo;entretien de vos unit\u00e9s int\u00e9rieures et groupe ext\u00e9rieurs vous permettra d&rsquo;avoir toujours une consommation \u00e9nerg\u00e9tique optimal avec un syst\u00e8me de climatisation en bon fonctionnement ce qui vous permettra d&rsquo;\u00e9viter d&rsquo;\u00eatre pris au d\u00e9pourvu par des cas de panne qui pourrait survenir au moment o\u00f9 vous aurez le plus besoin de votre clim.<\/p>\n<p>Nous sommes disponible pour plus de d\u00e9tails sur nos services![\/vc_column_text][\/vc_column][\/vc_row][vc_row full_width=\u00a0\u00bbstretch_row_content_no_spaces\u00a0\u00bb wrap_container=\u00a0\u00bbyes\u00a0\u00bb content_placement=\u00a0\u00bbmiddle\u00a0\u00bb is_section=\u00a0\u00bbyes\u00a0\u00bb section_skin=\u00a0\u00bbsecondary\u00a0\u00bb remove_margin_top=\u00a0\u00bbyes\u00a0\u00bb remove_margin_bottom=\u00a0\u00bbyes\u00a0\u00bb remove_border=\u00a0\u00bbyes\u00a0\u00bb css=\u00a0\u00bb.vc_custom_1711370149935{padding-top: 70px !important;padding-bottom: 70px !important;}\u00a0\u00bb conditional_render=\u00a0\u00bb%5B%7B%22value_role%22%3A%22administrator%22%7D%5D\u00a0\u00bb][vc_column offset=\u00a0\u00bbvc_col-lg-5&Prime;][vc_custom_heading text=\u00a0\u00bbOpter pour notre service clef en main\u00a0\u00bb font_container=\u00a0\u00bbtag:h5|text_align:left|line_height:1.6&Prime; use_theme_fonts=\u00a0\u00bbyes\u00a0\u00bb text_transform=\u00a0\u00bbtext-uppercase\u00a0\u00bb font_weight=\u00a0\u00bb600&Prime; skin=\u00a0\u00bblight\u00a0\u00bb letter_spacing=\u00a0\u00bb0&Prime; show_border=\u00a0\u00bbyes\u00a0\u00bb border_skin=\u00a0\u00bbprimary\u00a0\u00bb border_type=\u00a0\u00bbmiddle-border-reverse\u00a0\u00bb border_size=\u00a0\u00bblg\u00a0\u00bb animation_delay=\u00a0\u00bb300&Prime; animation_type=\u00a0\u00bbfadeInLeft\u00a0\u00bb el_class=\u00a0\u00bbmb-1&Prime; css=\u00a0\u00bb.vc_custom_1608198641513{padding-left: 10px !important;}\u00a0\u00bb][vc_custom_heading text=\u00a0\u00bbConfiez-nous votre projet.<br \/>\nOn s\u2019occupe de tout.\u00a0\u00bb font_container=\u00a0\u00bbtag:h2|font_size:2.2em|text_align:left|line_height:1.4&Prime; use_theme_fonts=\u00a0\u00bbyes\u00a0\u00bb skin=\u00a0\u00bblight\u00a0\u00bb animation_delay=\u00a0\u00bb400&Prime; el_class=\u00a0\u00bbmb-1&Prime; animation_type=\u00a0\u00bbfadeInLeft\u00a0\u00bb css=\u00a0\u00bb.vc_custom_1608198726881{padding-left: 10px !important;}\u00a0\u00bb][\/vc_column][vc_column offset=\u00a0\u00bbvc_col-lg-offset-1 vc_col-lg-6&Prime; el_class=\u00a0\u00bbtext-xl-right\u00a0\u00bb]<div class=\"porto-animation d-inline-block v-middle\"  data-appear-animation=\"fadeInRight\" data-appear-animation-delay=\"700\"><div class=\"porto-sicon-box  vc_custom_1607871820300 mb-0 mr-4 pr-2 py-3  wpb_custom_1efe903570d178ff0a9b7bfa5febd3a4 style_1 default-icon\"><div class=\"porto-sicon-default\"><div class=\"porto-just-icon-wrapper porto-sicon-img  porto-icon-e3e40fb8c88328cee291575adca205d9\" style=\"background:#dde2ea;padding:15px;border-radius:24px;font-size: 18px;\"><img decoding=\"async\" class=\"img-icon\" alt=\"\" src=\"\/\/sw-themes.com\/porto_dummy\/wp-content\/uploads\/images\/business-consulting-2\/icons\/phone.svg\" width=\"18\" height=\"18\" \/><\/div><\/div><div class=\"porto-sicon-header\"><a class=\"porto-sicon-box-link\" href=\"#\"><h4 class=\"porto-sicon-title\" style=\"font-weight:600;font-size:1.2em;line-height:1.2;letter-spacing:0;\">06 14 05 66 06<\/h4><\/a><\/div> <!-- header --><\/div><!-- porto-sicon-box --><\/div>[vc_btn title=\u00a0\u00bbJe contacte ABINOX\u00a0\u00bb style=\u00a0\u00bbmodern\u00a0\u00bb size=\u00a0\u00bblg\u00a0\u00bb skin=\u00a0\u00bbprimary\u00a0\u00bb animation_delay=\u00a0\u00bb900&Prime; link=\u00a0\u00bburl:http%3A%2F%2Fabinox-chr-clim.com%2Findex.php%2Fcontact%2F\u00a0\u00bb el_class=\u00a0\u00bbmb-0 v-middle\u00a0\u00bb animation_type=\u00a0\u00bbfadeInRight\u00a0\u00bb][\/vc_column][\/vc_row]<\/p>\n<\/div>","protected":false},"excerpt":{"rendered":"<p>[vc_row wrap_container=\u00a0\u00bbyes\u00a0\u00bb el_class=\u00a0\u00bbpy-5&Prime;][vc_column][vc_column_text]Notre expertise dans l&rsquo;entretien climatisation nous permet de vous conseiller. Notre exp\u00e9rience, nous a appris que la long\u00e9vit\u00e9 d\u2019une climatisation d\u00e9pend non seulement de la qualit\u00e9 de son installation, mais \u00e9galement de son entretien. Pour la conserver le plus longtemps possible nos \u00e9quipes vous recommandent d\u2019effectuer un entretien r\u00e9gulier pour maintenir un environnement [&hellip;]<\/p>\n","protected":false},"author":7,"featured_media":0,"parent":0,"menu_order":0,"comment_status":"closed","ping_status":"closed","template":"","meta":{"footnotes":""},"class_list":["post-2597","page","type-page","status-publish","hentry"],"_links":{"self":[{"href":"https:\/\/abinox-chr-clim.com\/index.php\/wp-json\/wp\/v2\/pages\/2597","targetHints":{"allow":["GET"]}}],"collection":[{"href":"https:\/\/abinox-chr-clim.com\/index.php\/wp-json\/wp\/v2\/pages"}],"about":[{"href":"https:\/\/abinox-chr-clim.com\/index.php\/wp-json\/wp\/v2\/types\/page"}],"author":[{"embeddable":true,"href":"https:\/\/abinox-chr-clim.com\/index.php\/wp-json\/wp\/v2\/users\/7"}],"replies":[{"embeddable":true,"href":"https:\/\/abinox-chr-clim.com\/index.php\/wp-json\/wp\/v2\/comments?post=2597"}],"version-history":[{"count":0,"href":"https:\/\/abinox-chr-clim.com\/index.php\/wp-json\/wp\/v2\/pages\/2597\/revisions"}],"wp:attachment":[{"href":"https:\/\/abinox-chr-clim.com\/index.php\/wp-json\/wp\/v2\/media?parent=2597"}],"curies":[{"name":"wp","href":"https:\/\/api.w.org\/{rel}","templated":true}]}}